NOAA-Style Climate Reports
Select a Year or Month report
2024: Jan Feb Mar Apr May Jun Jul Aug Sep Oct Nov Dec
2023: Jan Feb Mar Apr May Jun Jul Aug Sep Oct Nov Dec
2022: Jan Feb Mar Apr May Jun Jul Aug Sep Oct Nov Dec
2021: Jan Feb Mar Apr May Jun Jul Aug Sep Oct Nov Dec
2020: Jan Feb Mar Apr May Jun Jul Aug Sep Oct Nov Dec
2019: Jan Feb Mar Apr May Jun Jul Aug Sep Oct Nov Dec
2018: Jan Feb Mar Apr May Jun Jul Aug Sep Oct Nov Dec
2017: Jan Feb Mar Apr May Jun Jul Aug Sep Oct Nov Dec
2016: Jan Feb Mar Apr May Jun Jul Aug Sep Oct Nov Dec
2015: Jan Feb Mar Apr May Jun Jul Aug Sep Oct Nov Dec
2014: Jan Feb Mar Apr May Jun Jul Aug Sep Oct Nov Dec
2013: Jan Feb Mar Apr May Jun Jul Aug Sep Oct Nov Dec
2012: Jan Feb Mar Apr May Jun Jul Aug Sep Oct Nov Dec
2011: Jan Feb Mar Apr May Jun Jul Aug Sep Oct Nov Dec
2024: Jan Feb Mar Apr May Jun Jul Aug Sep Oct Nov Dec
2023: Jan Feb Mar Apr May Jun Jul Aug Sep Oct Nov Dec
2022: Jan Feb Mar Apr May Jun Jul Aug Sep Oct Nov Dec
2021: Jan Feb Mar Apr May Jun Jul Aug Sep Oct Nov Dec
2020: Jan Feb Mar Apr May Jun Jul Aug Sep Oct Nov Dec
2019: Jan Feb Mar Apr May Jun Jul Aug Sep Oct Nov Dec
2018: Jan Feb Mar Apr May Jun Jul Aug Sep Oct Nov Dec
2017: Jan Feb Mar Apr May Jun Jul Aug Sep Oct Nov Dec
2016: Jan Feb Mar Apr May Jun Jul Aug Sep Oct Nov Dec
2015: Jan Feb Mar Apr May Jun Jul Aug Sep Oct Nov Dec
2014: Jan Feb Mar Apr May Jun Jul Aug Sep Oct Nov Dec
2013: Jan Feb Mar Apr May Jun Jul Aug Sep Oct Nov Dec
2012: Jan Feb Mar Apr May Jun Jul Aug Sep Oct Nov Dec
2011: Jan Feb Mar Apr May Jun Jul Aug Sep Oct Nov Dec
Report for 2015 August
MONTHLY CLIMATOLOGICAL SUMMARY for Aug 2015 NAME: High Mosser Gate ELEV: 673 feet LAT: 54-36.48 N LONG: 003-22.02 W TEMPERATURE (C), RAIN (mm), WIND SPEED (knots) HEAT COOL AVG MEAN DEG DEG WIND DOM DAY TEMP HIGH TIME LOW TIME DAYS DAYS RAIN SPEED HIGH TIME DIR --------------------------------------------------------------------------------------- 01 12.9 16.6 13:50 10.3 03:07 5.4 0.0 5.2 0.8 13.9 14:30 75 02 14.6 18.3 23:41 11.1 01:10 3.8 0.0 2.4 2.1 14.8 20:25 125 03 16.3 18.8 00:40 13.1 22:39 2.0 0.0 0.6 4.4 21.7 04:50 120 04 13.8 17.0 15:22 12.3 05:47 4.5 0.0 4.2 4.4 22.6 03:00 110 05 14.5 19.6 16:46 11.8 02:57 3.8 0.0 3.2 3.3 15.6 12:05 129 06 13.9 16.2 14:55 10.5 23:25 4.4 0.0 13.8 2.2 13.9 00:00 218 07 14.3 18.2 12:06 10.2 00:42 4.1 0.0 0.0 0.8 10.4 13:50 270 08 14.2 18.7 13:22 9.1 03:13 4.1 0.0 0.4 1.4 13.9 19:14 98 09 14.0 16.3 13:33 11.6 00:00 4.4 0.0 3.0 1.5 12.2 01:30 87 10 14.7 17.2 16:40 11.8 23:57 3.7 0.0 2.8 2.0 13.9 13:00 107 11 13.2 17.3 13:40 10.1 22:11 5.2 0.0 0.2 0.8 7.0 13:45 290 12 13.2 18.1 19:59 8.1 04:18 5.1 0.0 0.0 0.7 7.0 13:22 315 13 16.1 22.7 14:55 9.9 05:48 2.2 0.0 1.4 0.7 7.8 15:35 256 14 13.4 14.8 19:01 11.1 23:59 4.9 0.0 26.6 0.6 9.6 06:31 359 15 11.4 15.4 17:01 6.4 05:24 6.9 0.0 0.0 1.4 12.2 13:36 278 16 13.3 18.1 15:14 8.7 23:50 5.0 0.0 0.0 0.7 8.7 16:06 134 17 13.1 17.9 16:04 7.6 06:16 5.3 0.0 0.0 0.8 7.8 16:15 323 18 13.5 18.7 15:11 8.7 03:36 4.8 0.0 0.0 0.0 0.0 00:00 90 19 15.0 18.2 12:08 13.4 00:57 3.4 0.0 1.6 1.7 17.4 16:30 135 20 16.0 19.2 17:32 13.4 05:15 2.3 0.0 2.8 2.6 18.2 21:27 135 21 15.9 16.9 12:23 14.3 23:58 2.4 0.0 5.8 3.5 17.4 09:30 118 22 15.3 17.4 16:11 13.1 06:52 3.0 0.0 7.4 0.8 12.2 00:18 120 23 19.0 23.9 11:54 12.8 23:55 0.0 0.7 14.6 3.6 22.6 16:08 114 24 13.6 16.7 18:05 10.9 21:54 4.7 0.0 0.0 0.9 10.4 02:30 242 25 13.3 17.1 15:13 9.1 06:01 5.0 0.0 3.4 1.4 16.5 21:02 132 26 14.0 16.1 12:45 12.2 23:59 4.4 0.0 3.8 2.8 19.1 09:30 105 27 12.7 15.6 14:58 10.3 04:34 5.7 0.0 1.6 1.7 13.0 11:55 87 28 13.6 16.2 12:45 11.2 06:07 4.7 0.0 8.0 1.8 15.6 20:00 90 29 14.3 17.7 12:52 12.3 00:00 4.1 0.0 0.2 1.4 11.3 01:36 85 30 12.7 15.9 09:43 8.7 22:04 5.6 0.0 0.0 0.0 7.0 01:16 124 31 12.5 17.6 14:33 7.4 06:01 5.8 0.0 0.0 0.0 0.0 00:00 90 --------------------------------------------------------------------------------------- 14.1 23.9 23 6.4 15 130.7 0.7 113.0 1.6 22.6 04 115