NOAA-Style Climate Reports
Select a Year or Month report
2024: Jan Feb Mar Apr May Jun Jul Aug Sep Oct Nov Dec
2023: Jan Feb Mar Apr May Jun Jul Aug Sep Oct Nov Dec
2022: Jan Feb Mar Apr May Jun Jul Aug Sep Oct Nov Dec
2021: Jan Feb Mar Apr May Jun Jul Aug Sep Oct Nov Dec
2020: Jan Feb Mar Apr May Jun Jul Aug Sep Oct Nov Dec
2019: Jan Feb Mar Apr May Jun Jul Aug Sep Oct Nov Dec
2018: Jan Feb Mar Apr May Jun Jul Aug Sep Oct Nov Dec
2017: Jan Feb Mar Apr May Jun Jul Aug Sep Oct Nov Dec
2016: Jan Feb Mar Apr May Jun Jul Aug Sep Oct Nov Dec
2015: Jan Feb Mar Apr May Jun Jul Aug Sep Oct Nov Dec
2014: Jan Feb Mar Apr May Jun Jul Aug Sep Oct Nov Dec
2013: Jan Feb Mar Apr May Jun Jul Aug Sep Oct Nov Dec
2012: Jan Feb Mar Apr May Jun Jul Aug Sep Oct Nov Dec
2011: Jan Feb Mar Apr May Jun Jul Aug Sep Oct Nov Dec
2024: Jan Feb Mar Apr May Jun Jul Aug Sep Oct Nov Dec
2023: Jan Feb Mar Apr May Jun Jul Aug Sep Oct Nov Dec
2022: Jan Feb Mar Apr May Jun Jul Aug Sep Oct Nov Dec
2021: Jan Feb Mar Apr May Jun Jul Aug Sep Oct Nov Dec
2020: Jan Feb Mar Apr May Jun Jul Aug Sep Oct Nov Dec
2019: Jan Feb Mar Apr May Jun Jul Aug Sep Oct Nov Dec
2018: Jan Feb Mar Apr May Jun Jul Aug Sep Oct Nov Dec
2017: Jan Feb Mar Apr May Jun Jul Aug Sep Oct Nov Dec
2016: Jan Feb Mar Apr May Jun Jul Aug Sep Oct Nov Dec
2015: Jan Feb Mar Apr May Jun Jul Aug Sep Oct Nov Dec
2014: Jan Feb Mar Apr May Jun Jul Aug Sep Oct Nov Dec
2013: Jan Feb Mar Apr May Jun Jul Aug Sep Oct Nov Dec
2012: Jan Feb Mar Apr May Jun Jul Aug Sep Oct Nov Dec
2011: Jan Feb Mar Apr May Jun Jul Aug Sep Oct Nov Dec
Report for 2015 February
MONTHLY CLIMATOLOGICAL SUMMARY for Feb 2015 NAME: High Mosser Gate ELEV: 670 feet LAT: 54-36.48 N LONG: 003-22.02 W TEMPERATURE (C), RAIN (mm), WIND SPEED (knots) HEAT COOL AVG MEAN DEG DEG WIND DOM DAY TEMP HIGH TIME LOW TIME DAYS DAYS RAIN SPEED HIGH TIME DIR --------------------------------------------------------------------------------------- 01 0.3 1.9 00:30 -2.8 23:30 18.1 0.0 0.0 4.6 19.1 11:00 341 02 -1.3 0.9 14:30 -2.6 06:00 19.6 0.0 0.0 0.2 6.1 10:00 49 03 -0.7 2.1 14:30 -3.0 07:30 19.0 0.0 0.0 1.0 10.4 18:30 46 04 -0.7 1.8 15:00 -3.7 05:00 19.0 0.0 0.0 0.1 3.5 12:00 73 05 2.3 5.9 14:30 -0.2 06:00 16.1 0.0 0.0 0.5 6.1 07:00 55 06 2.6 4.4 14:00 1.3 19:00 15.8 0.0 0.0 0.3 6.1 12:30 62 07 2.4 6.1 14:00 -0.3 08:30 16.0 0.0 0.0 0.3 7.8 17:30 73 08 2.9 4.5 17:00 -0.3 09:30 15.4 0.0 0.0 0.4 10.4 13:30 194 09 4.6 5.4 13:30 3.7 21:00 13.7 0.0 0.2 0.9 9.6 13:30 254 10 3.6 4.8 11:30 1.5 00:00 14.8 0.0 0.2 0.2 7.0 13:30 266 11 2.4 3.6 22:30 0.8 03:00 15.9 0.0 0.4 1.3 11.3 13:00 138 12 3.6 4.6 13:30 2.8 08:00 14.8 0.0 1.2 2.3 13.9 20:00 141 13 5.0 6.2 12:30 2.8 02:00 13.4 0.0 3.0 6.6 23.5 04:00 121 14 5.5 8.8 13:00 2.6 05:30 12.8 0.0 0.0 1.3 10.4 12:00 108 15 6.4 10.6 14:30 3.1 08:30 11.9 0.0 0.0 3.2 24.3 23:30 132 16 4.6 4.9 00:30 3.8 02:30 13.8 0.0 18.4 3.0 20.9 02:00 141 17 5.2 6.2 14:30 4.5 10:00 13.2 0.0 0.4 1.6 17.4 11:00 174 18 6.7 7.8 14:00 5.8 01:00 11.6 0.0 25.6 7.2 34.8 22:00 138 19 5.5 7.1 06:00 2.6 23:00 12.8 0.0 12.6 2.6 26.9 00:30 137 20 3.1 5.6 14:30 1.6 23:00 15.2 0.0 0.4 1.5 13.9 13:00 253 21 2.9 2.9 00:00 2.9 00:00 15.4 0.0 1.8 1.7 7.8 00:00 248 22 3.6 7.1 18:00 2.1 02:30 14.7 0.0 42.6 5.9 39.1 15:00 165 23 3.3 4.4 13:30 2.2 04:30 15.0 0.0 2.2 3.9 24.3 14:00 143 24 3.0 4.7 15:30 0.3 17:30 15.3 0.0 7.6 5.6 34.8 17:00 280 25 6.4 9.4 00:00 2.7 01:00 11.9 0.0 4.4 2.2 20.0 22:30 158 26 5.4 9.5 00:30 2.2 22:00 12.9 0.0 28.2 4.8 20.0 03:30 254 27 4.0 5.7 14:00 2.2 01:00 14.3 0.0 3.0 4.4 26.1 23:30 188 28 6.5 8.1 20:30 5.3 00:30 11.9 0.0 46.2 6.0 40.0 18:00 141 --------------------------------------------------------------------------------------- 3.6 10.6 15 -3.7 04 414.1 0.0 198.4 2.7 40.0 28 151