NOAA-Style Climate Reports
Select a Year or Month report
2024: Jan Feb Mar Apr May Jun Jul Aug Sep Oct Nov Dec
2023: Jan Feb Mar Apr May Jun Jul Aug Sep Oct Nov Dec
2022: Jan Feb Mar Apr May Jun Jul Aug Sep Oct Nov Dec
2021: Jan Feb Mar Apr May Jun Jul Aug Sep Oct Nov Dec
2020: Jan Feb Mar Apr May Jun Jul Aug Sep Oct Nov Dec
2019: Jan Feb Mar Apr May Jun Jul Aug Sep Oct Nov Dec
2018: Jan Feb Mar Apr May Jun Jul Aug Sep Oct Nov Dec
2017: Jan Feb Mar Apr May Jun Jul Aug Sep Oct Nov Dec
2016: Jan Feb Mar Apr May Jun Jul Aug Sep Oct Nov Dec
2015: Jan Feb Mar Apr May Jun Jul Aug Sep Oct Nov Dec
2014: Jan Feb Mar Apr May Jun Jul Aug Sep Oct Nov Dec
2013: Jan Feb Mar Apr May Jun Jul Aug Sep Oct Nov Dec
2012: Jan Feb Mar Apr May Jun Jul Aug Sep Oct Nov Dec
2011: Jan Feb Mar Apr May Jun Jul Aug Sep Oct Nov Dec
2024: Jan Feb Mar Apr May Jun Jul Aug Sep Oct Nov Dec
2023: Jan Feb Mar Apr May Jun Jul Aug Sep Oct Nov Dec
2022: Jan Feb Mar Apr May Jun Jul Aug Sep Oct Nov Dec
2021: Jan Feb Mar Apr May Jun Jul Aug Sep Oct Nov Dec
2020: Jan Feb Mar Apr May Jun Jul Aug Sep Oct Nov Dec
2019: Jan Feb Mar Apr May Jun Jul Aug Sep Oct Nov Dec
2018: Jan Feb Mar Apr May Jun Jul Aug Sep Oct Nov Dec
2017: Jan Feb Mar Apr May Jun Jul Aug Sep Oct Nov Dec
2016: Jan Feb Mar Apr May Jun Jul Aug Sep Oct Nov Dec
2015: Jan Feb Mar Apr May Jun Jul Aug Sep Oct Nov Dec
2014: Jan Feb Mar Apr May Jun Jul Aug Sep Oct Nov Dec
2013: Jan Feb Mar Apr May Jun Jul Aug Sep Oct Nov Dec
2012: Jan Feb Mar Apr May Jun Jul Aug Sep Oct Nov Dec
2011: Jan Feb Mar Apr May Jun Jul Aug Sep Oct Nov Dec
Report for 2015 January
MONTHLY CLIMATOLOGICAL SUMMARY for Jan 2015 NAME: High Mosser Gate ELEV: 670 feet LAT: 54-36.48 N LONG: 003-22.02 W TEMPERATURE (C), RAIN (mm), WIND SPEED (knots) HEAT COOL AVG MEAN DEG DEG WIND DOM DAY TEMP HIGH TIME LOW TIME DAYS DAYS RAIN SPEED HIGH TIME DIR --------------------------------------------------------------------------------------- 01 9.8 11.2 20:00 7.8 00:00 8.6 0.0 40.4 6.5 35.6 11:30 135 02 4.9 6.3 00:30 4.1 17:30 13.4 0.0 1.4 6.4 29.5 05:00 276 03 3.5 5.8 00:30 0.4 20:00 14.9 0.0 4.8 1.1 13.0 00:30 234 04 4.5 7.3 00:00 1.3 00:30 13.8 0.0 0.0 2.4 13.9 00:00 139 05 7.6 7.9 13:30 7.3 00:30 10.7 0.0 2.4 5.6 21.7 13:30 135 06 5.6 8.3 07:30 3.7 17:30 12.7 0.0 8.6 4.2 25.2 04:00 172 07 7.6 9.4 19:00 5.1 00:30 10.8 0.0 53.0 5.7 42.6 16:30 135 08 5.8 7.4 00:00 4.5 17:30 12.6 0.0 10.8 3.8 32.2 23:00 209 09 8.5 11.1 17:30 4.4 12:30 9.8 0.0 19.6 6.1 31.3 03:30 226 10 5.3 10.6 00:30 2.9 14:00 13.0 0.0 11.8 9.4 33.9 09:00 281 11 4.9 6.5 22:30 2.5 05:00 13.4 0.0 4.0 6.2 29.5 10:30 267 12 5.7 8.3 08:00 2.4 17:30 12.7 0.0 13.0 5.1 25.2 09:00 197 13 2.7 5.3 00:30 1.1 20:30 15.7 0.0 0.8 2.8 19.1 12:30 206 14 3.1 8.0 00:00 0.5 03:00 15.3 0.0 104.6 6.7 56.5 20:30 137 15 4.6 6.0 00:30 2.6 23:30 13.8 0.0 17.0 6.2 32.2 00:30 141 16 1.6 3.3 02:30 -0.1 09:00 16.7 0.0 1.4 3.6 20.9 08:00 268 17 1.9 3.1 13:00 -0.1 00:00 16.5 0.0 2.2 2.4 15.6 07:30 258 18 0.1 2.2 14:00 -2.2 21:00 18.2 0.0 0.4 1.2 14.8 14:30 43 19 -0.6 1.2 13:30 -2.4 07:00 18.9 0.0 0.0 0.5 7.0 21:00 79 20 0.1 1.5 20:30 -1.8 03:00 18.3 0.0 0.0 1.6 13.0 19:30 136 21 1.4 2.6 12:30 0.4 16:30 16.9 0.0 0.0 0.5 11.3 01:00 120 22 1.2 3.1 13:30 -1.0 08:00 17.1 0.0 0.8 1.3 13.9 20:30 137 23 4.8 7.8 17:30 2.4 00:00 13.6 0.0 19.4 5.7 28.7 11:30 142 24 3.2 4.6 15:30 1.2 05:30 15.2 0.0 0.4 2.6 16.5 05:00 280 25 6.5 8.3 19:00 3.4 00:30 11.8 0.0 9.8 1.9 14.8 14:00 129 26 4.9 7.6 00:30 3.4 18:30 13.4 0.0 1.2 3.4 14.8 03:00 282 27 5.2 5.8 12:00 4.7 00:30 13.1 0.0 3.2 3.0 17.4 23:00 245 28 3.1 7.3 05:30 0.3 13:30 15.2 0.0 19.6 8.0 32.2 07:00 280 29 0.7 1.6 03:30 -0.6 11:30 17.6 0.0 1.8 4.8 22.6 01:30 278 30 1.5 3.4 11:30 -1.4 02:30 16.9 0.0 1.0 2.7 16.5 14:30 292 31 2.0 2.9 15:00 1.0 20:30 16.4 0.0 0.0 5.8 22.6 13:00 327 --------------------------------------------------------------------------------------- 3.9 11.2 01 -2.4 19 446.7 0.0 353.4 4.1 56.5 14 221