NOAA-Style Climate Reports
Select a Year or Month report
2024: Jan Feb Mar Apr May Jun Jul Aug Sep Oct Nov Dec
2023: Jan Feb Mar Apr May Jun Jul Aug Sep Oct Nov Dec
2022: Jan Feb Mar Apr May Jun Jul Aug Sep Oct Nov Dec
2021: Jan Feb Mar Apr May Jun Jul Aug Sep Oct Nov Dec
2020: Jan Feb Mar Apr May Jun Jul Aug Sep Oct Nov Dec
2019: Jan Feb Mar Apr May Jun Jul Aug Sep Oct Nov Dec
2018: Jan Feb Mar Apr May Jun Jul Aug Sep Oct Nov Dec
2017: Jan Feb Mar Apr May Jun Jul Aug Sep Oct Nov Dec
2016: Jan Feb Mar Apr May Jun Jul Aug Sep Oct Nov Dec
2015: Jan Feb Mar Apr May Jun Jul Aug Sep Oct Nov Dec
2014: Jan Feb Mar Apr May Jun Jul Aug Sep Oct Nov Dec
2013: Jan Feb Mar Apr May Jun Jul Aug Sep Oct Nov Dec
2012: Jan Feb Mar Apr May Jun Jul Aug Sep Oct Nov Dec
2011: Jan Feb Mar Apr May Jun Jul Aug Sep Oct Nov Dec
2024: Jan Feb Mar Apr May Jun Jul Aug Sep Oct Nov Dec
2023: Jan Feb Mar Apr May Jun Jul Aug Sep Oct Nov Dec
2022: Jan Feb Mar Apr May Jun Jul Aug Sep Oct Nov Dec
2021: Jan Feb Mar Apr May Jun Jul Aug Sep Oct Nov Dec
2020: Jan Feb Mar Apr May Jun Jul Aug Sep Oct Nov Dec
2019: Jan Feb Mar Apr May Jun Jul Aug Sep Oct Nov Dec
2018: Jan Feb Mar Apr May Jun Jul Aug Sep Oct Nov Dec
2017: Jan Feb Mar Apr May Jun Jul Aug Sep Oct Nov Dec
2016: Jan Feb Mar Apr May Jun Jul Aug Sep Oct Nov Dec
2015: Jan Feb Mar Apr May Jun Jul Aug Sep Oct Nov Dec
2014: Jan Feb Mar Apr May Jun Jul Aug Sep Oct Nov Dec
2013: Jan Feb Mar Apr May Jun Jul Aug Sep Oct Nov Dec
2012: Jan Feb Mar Apr May Jun Jul Aug Sep Oct Nov Dec
2011: Jan Feb Mar Apr May Jun Jul Aug Sep Oct Nov Dec
Report for 2014 December
MONTHLY CLIMATOLOGICAL SUMMARY for Dec 2014 NAME: High Mosser Gate ELEV: 670 feet LAT: 54-36.48 N LONG: 003-22.02 W TEMPERATURE (C), RAIN (mm), WIND SPEED (knots) HEAT COOL AVG MEAN DEG DEG WIND DOM DAY TEMP HIGH TIME LOW TIME DAYS DAYS RAIN SPEED HIGH TIME DIR --------------------------------------------------------------------------------------- 01 7.1 8.8 11:30 5.7 00:00 11.2 0.0 1.8 0.7 11.3 22:00 210 02 3.1 5.6 00:30 1.7 09:00 15.3 0.0 0.2 1.4 13.0 05:30 349 03 4.3 6.6 14:00 1.6 00:30 14.0 0.0 0.2 0.2 4.3 02:30 130 04 4.3 5.8 13:00 2.6 07:00 14.0 0.0 0.0 1.0 7.8 15:30 142 05 2.9 5.3 04:00 -0.4 22:00 15.4 0.0 1.2 1.4 18.2 12:30 295 06 5.6 8.8 23:30 -0.2 01:00 12.7 0.0 20.2 1.7 13.9 23:00 112 07 5.3 8.9 03:00 3.8 11:30 13.0 0.0 2.0 6.0 23.5 05:30 279 08 2.8 4.4 11:30 0.3 20:30 15.5 0.0 2.4 3.0 18.2 06:00 287 09 6.5 10.1 18:00 1.8 00:30 11.8 0.0 22.4 5.7 32.2 12:30 153 10 4.5 5.3 00:30 3.7 23:00 13.8 0.0 6.0 11.0 31.3 13:00 264 11 3.6 4.4 18:30 1.4 00:00 14.8 0.0 3.4 7.5 26.1 01:30 270 12 2.3 4.3 16:30 0.6 00:00 16.0 0.0 1.4 2.0 17.4 17:30 290 13 2.4 5.9 00:00 -1.1 05:00 15.9 0.0 0.2 1.8 15.6 14:30 177 14 6.3 7.4 13:00 4.8 23:30 12.0 0.0 13.2 4.3 23.5 00:00 225 15 4.7 5.3 12:30 3.4 08:00 13.7 0.0 1.2 3.9 16.5 01:30 270 16 5.2 8.6 00:00 3.3 09:00 13.2 0.0 12.4 3.4 26.9 22:00 204 17 9.4 9.7 12:00 9.0 00:30 8.9 0.0 5.0 3.7 23.5 01:30 256 18 9.3 10.7 13:30 6.4 00:00 9.1 0.0 11.8 4.2 19.1 15:00 205 19 5.7 6.3 00:30 5.1 08:00 12.7 0.0 0.4 7.7 25.2 12:30 269 20 6.1 6.6 12:00 5.3 03:30 12.2 0.0 3.2 5.3 25.2 03:00 277 21 8.4 10.7 19:30 5.7 03:00 9.9 0.0 4.4 3.2 20.9 20:30 117 22 9.8 10.3 03:00 8.5 21:00 8.6 0.0 21.8 3.7 20.9 19:30 105 23 8.4 9.6 00:30 5.4 23:30 10.0 0.0 21.8 2.6 17.4 02:30 104 24 5.1 5.9 19:30 4.2 06:00 13.3 0.0 1.0 5.3 21.7 20:00 275 25 4.0 5.5 00:30 2.7 21:00 14.3 0.0 1.2 1.7 18.2 05:30 288 26 3.2 5.0 12:00 1.8 00:00 15.1 0.0 4.0 1.0 7.8 11:30 114 27 1.5 3.1 12:30 0.4 01:30 16.8 0.0 0.0 0.6 7.8 14:30 33 28 0.8 2.6 13:00 -0.6 07:00 17.5 0.0 0.0 0.4 8.7 04:30 111 29 3.2 4.4 19:00 0.4 01:00 15.1 0.0 0.4 0.3 7.8 16:00 134 30 5.4 7.1 00:00 3.9 02:30 12.9 0.0 0.0 1.8 18.2 23:30 134 31 8.0 9.4 23:30 6.8 01:00 10.4 0.0 13.4 6.8 28.7 19:00 136 --------------------------------------------------------------------------------------- 5.1 10.7 18 -1.1 13 409.0 0.0 176.6 3.3 32.2 09 251