NOAA-Style Climate Reports
Select a Year or Month report
2024: Jan Feb Mar Apr May Jun Jul Aug Sep Oct Nov Dec
2023: Jan Feb Mar Apr May Jun Jul Aug Sep Oct Nov Dec
2022: Jan Feb Mar Apr May Jun Jul Aug Sep Oct Nov Dec
2021: Jan Feb Mar Apr May Jun Jul Aug Sep Oct Nov Dec
2020: Jan Feb Mar Apr May Jun Jul Aug Sep Oct Nov Dec
2019: Jan Feb Mar Apr May Jun Jul Aug Sep Oct Nov Dec
2018: Jan Feb Mar Apr May Jun Jul Aug Sep Oct Nov Dec
2017: Jan Feb Mar Apr May Jun Jul Aug Sep Oct Nov Dec
2016: Jan Feb Mar Apr May Jun Jul Aug Sep Oct Nov Dec
2015: Jan Feb Mar Apr May Jun Jul Aug Sep Oct Nov Dec
2014: Jan Feb Mar Apr May Jun Jul Aug Sep Oct Nov Dec
2013: Jan Feb Mar Apr May Jun Jul Aug Sep Oct Nov Dec
2012: Jan Feb Mar Apr May Jun Jul Aug Sep Oct Nov Dec
2011: Jan Feb Mar Apr May Jun Jul Aug Sep Oct Nov Dec
2024: Jan Feb Mar Apr May Jun Jul Aug Sep Oct Nov Dec
2023: Jan Feb Mar Apr May Jun Jul Aug Sep Oct Nov Dec
2022: Jan Feb Mar Apr May Jun Jul Aug Sep Oct Nov Dec
2021: Jan Feb Mar Apr May Jun Jul Aug Sep Oct Nov Dec
2020: Jan Feb Mar Apr May Jun Jul Aug Sep Oct Nov Dec
2019: Jan Feb Mar Apr May Jun Jul Aug Sep Oct Nov Dec
2018: Jan Feb Mar Apr May Jun Jul Aug Sep Oct Nov Dec
2017: Jan Feb Mar Apr May Jun Jul Aug Sep Oct Nov Dec
2016: Jan Feb Mar Apr May Jun Jul Aug Sep Oct Nov Dec
2015: Jan Feb Mar Apr May Jun Jul Aug Sep Oct Nov Dec
2014: Jan Feb Mar Apr May Jun Jul Aug Sep Oct Nov Dec
2013: Jan Feb Mar Apr May Jun Jul Aug Sep Oct Nov Dec
2012: Jan Feb Mar Apr May Jun Jul Aug Sep Oct Nov Dec
2011: Jan Feb Mar Apr May Jun Jul Aug Sep Oct Nov Dec
Report for 2014 September
MONTHLY CLIMATOLOGICAL SUMMARY for Sep 2014 NAME: High Mosser Gate ELEV: 670 feet LAT: 54-36.48 N LONG: 003-22.02 W TEMPERATURE (C), RAIN (mm), WIND SPEED (knots) HEAT COOL AVG MEAN DEG DEG WIND DOM DAY TEMP HIGH TIME LOW TIME DAYS DAYS RAIN SPEED HIGH TIME DIR --------------------------------------------------------------------------------------- 01 14.0 15.4 16:30 12.7 23:00 4.4 0.0 2.2 1.9 12.2 02:30 306 02 13.8 17.2 15:30 11.5 07:00 4.6 0.0 0.0 0.7 9.6 15:00 319 03 16.2 19.4 15:30 12.6 01:30 2.1 0.0 0.0 1.2 8.7 08:00 133 04 16.9 18.9 12:00 14.8 21:00 1.5 0.0 0.0 1.2 9.6 08:30 136 05 15.1 19.6 14:00 11.1 06:30 3.2 0.0 0.2 0.4 9.6 15:00 296 06 13.4 16.4 15:30 8.4 00:00 5.0 0.0 2.4 1.0 11.3 14:30 313 07 11.3 15.8 18:00 6.7 07:00 7.1 0.0 0.2 0.6 10.4 14:00 289 08 10.1 15.1 14:30 5.2 07:30 8.2 0.0 0.0 0.4 7.8 16:00 308 09 12.1 15.4 14:00 8.6 03:30 6.3 0.0 0.0 0.5 6.1 13:30 289 10 13.8 18.7 14:30 9.2 00:30 4.5 0.0 0.0 0.4 7.8 15:30 307 11 14.7 18.4 14:00 11.1 07:30 3.7 0.0 0.0 0.4 7.0 15:00 326 12 13.8 16.3 15:00 9.8 00:00 4.6 0.0 0.0 0.3 5.2 14:00 285 13 14.2 19.0 14:00 9.7 00:30 4.2 0.0 0.0 0.5 7.8 14:00 122 14 12.9 16.2 15:30 10.0 01:00 5.4 0.0 0.0 1.3 8.7 03:30 113 15 13.6 18.2 15:30 10.2 03:00 4.8 0.0 0.0 0.6 7.8 01:00 59 16 15.5 19.2 17:30 11.8 07:00 2.8 0.0 0.0 0.4 7.0 14:30 127 17 14.8 20.2 17:30 9.8 08:30 3.5 0.0 0.0 0.7 7.0 03:30 133 18 16.9 21.9 18:00 13.0 06:30 1.4 0.0 0.0 1.3 12.2 13:30 128 19 13.0 16.9 18:30 11.3 08:30 5.4 0.0 0.0 0.5 9.6 04:00 141 20 13.5 16.4 17:30 9.2 23:30 4.8 0.0 0.0 0.4 8.7 02:00 49 21 11.8 15.8 15:30 8.1 08:30 6.5 0.0 0.0 0.6 8.7 17:30 55 22 12.8 16.1 16:00 10.3 01:30 5.5 0.0 0.0 1.0 8.7 16:30 228 23 12.4 13.5 13:30 10.9 23:30 5.9 0.0 10.6 0.8 7.8 11:30 115 24 11.6 14.8 17:00 7.5 22:30 6.7 0.0 2.0 2.7 14.8 11:30 307 25 13.3 15.2 16:30 8.8 00:30 5.0 0.0 3.4 0.6 9.6 07:30 100 26 12.9 14.4 17:00 10.0 22:00 5.4 0.0 0.6 2.7 14.8 03:00 280 27 13.0 15.6 14:30 10.5 01:00 5.3 0.0 0.0 2.1 13.9 13:00 125 28 14.5 16.8 12:00 11.2 23:00 3.8 0.0 0.0 1.2 9.6 00:30 125 29 13.9 17.0 16:00 10.7 08:30 4.5 0.0 0.0 0.3 5.2 16:00 291 30 14.9 17.4 15:00 12.9 05:00 3.5 0.0 1.2 2.6 17.4 21:00 131 --------------------------------------------------------------------------------------- 13.7 21.9 18 5.2 08 139.5 0.0 22.8 1.0 17.4 30 119