NOAA-Style Climate Reports
Select a Year or Month report
2024: Jan Feb Mar Apr May Jun Jul Aug Sep Oct Nov Dec
2023: Jan Feb Mar Apr May Jun Jul Aug Sep Oct Nov Dec
2022: Jan Feb Mar Apr May Jun Jul Aug Sep Oct Nov Dec
2021: Jan Feb Mar Apr May Jun Jul Aug Sep Oct Nov Dec
2020: Jan Feb Mar Apr May Jun Jul Aug Sep Oct Nov Dec
2019: Jan Feb Mar Apr May Jun Jul Aug Sep Oct Nov Dec
2018: Jan Feb Mar Apr May Jun Jul Aug Sep Oct Nov Dec
2017: Jan Feb Mar Apr May Jun Jul Aug Sep Oct Nov Dec
2016: Jan Feb Mar Apr May Jun Jul Aug Sep Oct Nov Dec
2015: Jan Feb Mar Apr May Jun Jul Aug Sep Oct Nov Dec
2014: Jan Feb Mar Apr May Jun Jul Aug Sep Oct Nov Dec
2013: Jan Feb Mar Apr May Jun Jul Aug Sep Oct Nov Dec
2012: Jan Feb Mar Apr May Jun Jul Aug Sep Oct Nov Dec
2011: Jan Feb Mar Apr May Jun Jul Aug Sep Oct Nov Dec
2024: Jan Feb Mar Apr May Jun Jul Aug Sep Oct Nov Dec
2023: Jan Feb Mar Apr May Jun Jul Aug Sep Oct Nov Dec
2022: Jan Feb Mar Apr May Jun Jul Aug Sep Oct Nov Dec
2021: Jan Feb Mar Apr May Jun Jul Aug Sep Oct Nov Dec
2020: Jan Feb Mar Apr May Jun Jul Aug Sep Oct Nov Dec
2019: Jan Feb Mar Apr May Jun Jul Aug Sep Oct Nov Dec
2018: Jan Feb Mar Apr May Jun Jul Aug Sep Oct Nov Dec
2017: Jan Feb Mar Apr May Jun Jul Aug Sep Oct Nov Dec
2016: Jan Feb Mar Apr May Jun Jul Aug Sep Oct Nov Dec
2015: Jan Feb Mar Apr May Jun Jul Aug Sep Oct Nov Dec
2014: Jan Feb Mar Apr May Jun Jul Aug Sep Oct Nov Dec
2013: Jan Feb Mar Apr May Jun Jul Aug Sep Oct Nov Dec
2012: Jan Feb Mar Apr May Jun Jul Aug Sep Oct Nov Dec
2011: Jan Feb Mar Apr May Jun Jul Aug Sep Oct Nov Dec
Report for 2014 June
MONTHLY CLIMATOLOGICAL SUMMARY for Jun 2014 NAME: High Mosser Gate ELEV: 670 feet LAT: 54-36.48 N LONG: 003-22.02 W TEMPERATURE (C), RAIN (mm), WIND SPEED (knots) HEAT COOL AVG MEAN DEG DEG WIND DOM DAY TEMP HIGH TIME LOW TIME DAYS DAYS RAIN SPEED HIGH TIME DIR --------------------------------------------------------------------------------------- 01 14.7 18.5 15:30 11.2 00:00 3.6 0.0 0.6 1.6 9.6 22:30 117 02 13.6 17.6 16:30 11.3 00:30 4.7 0.0 1.4 2.2 12.2 03:30 128 03 12.2 15.1 17:30 8.3 00:00 6.1 0.0 0.4 1.4 9.6 16:00 239 04 9.9 11.7 09:30 6.6 02:30 8.5 0.0 8.4 1.8 13.0 19:00 319 05 11.4 14.5 18:30 8.9 00:00 7.0 0.0 0.4 1.8 12.2 15:30 280 06 13.6 18.7 18:00 6.5 06:00 4.7 0.0 0.0 0.9 9.6 13:30 71 07 15.1 18.3 09:00 12.6 23:00 3.2 0.0 7.8 2.2 19.1 07:30 116 08 15.2 18.7 14:30 11.6 00:00 3.1 0.0 0.0 2.6 13.0 12:00 124 09 13.9 17.2 20:00 11.2 05:00 4.4 0.0 7.0 0.5 6.1 01:30 113 10 13.6 16.3 16:30 11.3 06:00 4.7 0.0 7.0 1.4 11.3 15:00 101 11 14.0 18.1 16:00 10.9 04:30 4.3 0.0 0.2 1.5 9.6 14:30 107 12 15.4 18.7 18:00 11.3 00:30 3.0 0.0 0.0 1.2 10.4 14:30 131 13 15.3 18.2 16:00 12.7 05:00 3.1 0.0 0.0 0.4 7.8 15:30 260 14 15.7 18.8 17:30 10.6 04:00 2.6 0.0 0.0 0.9 8.7 13:00 313 15 16.4 20.2 17:00 12.9 05:00 1.9 0.0 0.0 0.9 8.7 19:30 345 16 15.4 19.2 17:30 11.0 05:30 2.9 0.0 0.0 1.1 12.2 15:30 36 17 17.0 21.4 16:00 11.7 04:30 1.3 0.0 0.0 0.8 8.7 17:00 10 18 17.8 21.4 15:00 12.8 04:30 0.5 0.0 0.0 1.0 7.8 13:00 305 19 15.7 19.2 15:30 11.2 03:30 2.7 0.0 0.0 1.3 10.4 16:30 315 20 14.7 18.1 16:30 11.4 04:00 3.6 0.0 0.0 1.3 9.6 11:00 288 21 14.2 18.4 17:30 9.5 04:30 4.1 0.0 0.0 1.6 12.2 17:30 308 22 14.8 19.4 17:30 8.7 06:30 3.6 0.0 0.0 1.1 9.6 14:30 311 23 15.0 18.7 19:00 11.1 06:00 3.3 0.0 0.0 1.1 8.7 13:00 302 24 14.3 18.4 14:30 10.9 00:30 4.1 0.0 0.0 0.6 7.8 17:30 320 25 13.1 14.6 17:30 11.6 08:30 5.2 0.0 6.6 0.5 5.2 03:00 138 26 13.8 17.5 20:00 12.2 01:00 4.6 0.0 0.6 1.1 7.8 11:00 127 27 13.3 16.6 14:30 9.1 00:00 5.0 0.0 0.0 1.6 11.3 00:30 97 28 11.6 15.7 18:00 7.3 05:30 6.7 0.0 0.0 0.9 9.6 14:30 48 29 11.9 16.7 21:30 7.3 02:00 6.5 0.0 0.0 1.1 12.2 13:30 10 30 13.3 17.9 17:30 7.4 04:00 5.1 0.0 0.0 0.9 8.7 17:30 289 --------------------------------------------------------------------------------------- 14.2 21.4 17 6.5 06 124.3 0.0 40.4 1.2 19.1 07 48