NOAA-Style Climate Reports
Select a Year or Month report
2024: Jan Feb Mar Apr May Jun Jul Aug Sep Oct Nov Dec
2023: Jan Feb Mar Apr May Jun Jul Aug Sep Oct Nov Dec
2022: Jan Feb Mar Apr May Jun Jul Aug Sep Oct Nov Dec
2021: Jan Feb Mar Apr May Jun Jul Aug Sep Oct Nov Dec
2020: Jan Feb Mar Apr May Jun Jul Aug Sep Oct Nov Dec
2019: Jan Feb Mar Apr May Jun Jul Aug Sep Oct Nov Dec
2018: Jan Feb Mar Apr May Jun Jul Aug Sep Oct Nov Dec
2017: Jan Feb Mar Apr May Jun Jul Aug Sep Oct Nov Dec
2016: Jan Feb Mar Apr May Jun Jul Aug Sep Oct Nov Dec
2015: Jan Feb Mar Apr May Jun Jul Aug Sep Oct Nov Dec
2014: Jan Feb Mar Apr May Jun Jul Aug Sep Oct Nov Dec
2013: Jan Feb Mar Apr May Jun Jul Aug Sep Oct Nov Dec
2012: Jan Feb Mar Apr May Jun Jul Aug Sep Oct Nov Dec
2011: Jan Feb Mar Apr May Jun Jul Aug Sep Oct Nov Dec
2024: Jan Feb Mar Apr May Jun Jul Aug Sep Oct Nov Dec
2023: Jan Feb Mar Apr May Jun Jul Aug Sep Oct Nov Dec
2022: Jan Feb Mar Apr May Jun Jul Aug Sep Oct Nov Dec
2021: Jan Feb Mar Apr May Jun Jul Aug Sep Oct Nov Dec
2020: Jan Feb Mar Apr May Jun Jul Aug Sep Oct Nov Dec
2019: Jan Feb Mar Apr May Jun Jul Aug Sep Oct Nov Dec
2018: Jan Feb Mar Apr May Jun Jul Aug Sep Oct Nov Dec
2017: Jan Feb Mar Apr May Jun Jul Aug Sep Oct Nov Dec
2016: Jan Feb Mar Apr May Jun Jul Aug Sep Oct Nov Dec
2015: Jan Feb Mar Apr May Jun Jul Aug Sep Oct Nov Dec
2014: Jan Feb Mar Apr May Jun Jul Aug Sep Oct Nov Dec
2013: Jan Feb Mar Apr May Jun Jul Aug Sep Oct Nov Dec
2012: Jan Feb Mar Apr May Jun Jul Aug Sep Oct Nov Dec
2011: Jan Feb Mar Apr May Jun Jul Aug Sep Oct Nov Dec
Report for 2014 April
MONTHLY CLIMATOLOGICAL SUMMARY for Apr 2014 NAME: High Mosser Gate ELEV: 670 feet LAT: 54-36.48 N LONG: 003-22.02 W TEMPERATURE (C), RAIN (mm), WIND SPEED (knots) HEAT COOL AVG MEAN DEG DEG WIND DOM DAY TEMP HIGH TIME LOW TIME DAYS DAYS RAIN SPEED HIGH TIME DIR --------------------------------------------------------------------------------------- 01 8.8 11.7 00:30 6.4 23:30 9.6 0.0 7.2 1.5 18.2 01:30 280 02 10.7 13.5 16:30 6.2 00:30 7.6 0.0 0.4 4.9 19.1 18:00 124 03 11.5 13.9 15:30 9.3 08:30 6.9 0.0 1.4 2.8 19.1 02:30 121 04 9.2 12.2 16:30 7.8 08:00 9.1 0.0 5.0 0.8 13.0 23:00 158 05 10.1 12.1 14:00 7.5 02:30 8.3 0.0 7.0 5.8 20.0 18:30 140 06 10.6 12.1 02:00 8.1 23:30 7.8 0.0 20.6 6.5 34.8 14:30 139 07 7.5 9.2 19:00 6.6 12:30 10.9 0.0 5.8 2.1 11.3 01:30 182 08 6.5 9.8 18:00 4.3 08:00 11.8 0.0 2.4 4.5 18.2 16:30 275 09 8.6 11.6 16:30 7.1 04:30 9.7 0.0 2.6 1.5 12.2 15:00 142 10 7.9 9.8 16:30 6.1 00:00 10.4 0.0 3.2 1.6 10.4 13:30 240 11 6.4 9.3 15:30 3.5 06:30 11.9 0.0 0.2 1.3 11.3 16:00 265 12 7.6 10.3 18:00 5.8 01:00 10.7 0.0 0.2 3.1 19.1 16:30 249 13 7.5 10.7 16:30 6.2 04:30 10.9 0.0 0.4 4.6 22.6 20:30 275 14 8.2 11.9 18:00 5.0 07:30 10.2 0.0 0.2 3.7 14.8 01:30 298 15 9.3 14.4 15:30 4.4 07:30 9.0 0.0 0.0 2.2 13.0 12:00 145 16 9.7 12.4 14:00 6.9 01:00 8.7 0.0 0.0 3.6 16.5 03:30 133 17 8.1 9.7 17:00 4.3 00:00 10.2 0.0 1.0 4.5 20.9 14:00 271 18 6.4 10.4 18:30 2.1 07:00 11.9 0.0 0.0 1.3 10.4 14:30 336 19 8.1 11.0 11:30 4.2 00:30 10.2 0.0 0.0 1.7 9.6 12:30 308 20 8.8 14.8 17:00 3.6 05:30 9.5 0.0 0.0 3.2 20.0 13:30 70 21 13.0 18.2 16:00 7.9 02:00 5.3 0.0 0.0 4.5 24.3 14:00 75 22 9.4 11.6 15:30 7.3 02:00 8.9 0.0 1.6 1.9 12.2 07:00 61 23 11.2 14.7 15:30 8.8 22:30 7.1 0.0 1.2 3.0 19.1 15:00 136 24 10.3 12.8 14:00 7.4 05:00 8.0 0.0 0.0 1.6 11.3 16:00 250 25 10.2 14.0 15:30 6.9 07:30 8.1 0.0 1.2 1.5 11.3 21:00 88 26 11.7 15.3 17:30 8.7 05:30 6.6 0.0 2.6 5.3 20.0 08:00 122 27 13.9 14.7 00:30 8.6 00:00 4.4 0.0 0.6 5.3 16.5 00:30 111 28 9.8 12.3 13:30 7.6 05:30 8.5 0.0 0.8 0.3 6.1 14:00 299 29 11.9 16.1 18:30 7.9 05:30 6.4 0.0 0.0 1.1 7.8 13:30 308 30 11.1 13.4 17:30 9.2 00:00 7.2 0.0 2.4 0.6 8.7 17:00 244 --------------------------------------------------------------------------------------- 9.5 18.2 21 2.1 18 265.7 0.0 68.0 2.9 34.8 06 135