NOAA-Style Climate Reports
Select a Year or Month report
2024: Jan Feb Mar Apr May Jun Jul Aug Sep Oct Nov Dec
2023: Jan Feb Mar Apr May Jun Jul Aug Sep Oct Nov Dec
2022: Jan Feb Mar Apr May Jun Jul Aug Sep Oct Nov Dec
2021: Jan Feb Mar Apr May Jun Jul Aug Sep Oct Nov Dec
2020: Jan Feb Mar Apr May Jun Jul Aug Sep Oct Nov Dec
2019: Jan Feb Mar Apr May Jun Jul Aug Sep Oct Nov Dec
2018: Jan Feb Mar Apr May Jun Jul Aug Sep Oct Nov Dec
2017: Jan Feb Mar Apr May Jun Jul Aug Sep Oct Nov Dec
2016: Jan Feb Mar Apr May Jun Jul Aug Sep Oct Nov Dec
2015: Jan Feb Mar Apr May Jun Jul Aug Sep Oct Nov Dec
2014: Jan Feb Mar Apr May Jun Jul Aug Sep Oct Nov Dec
2013: Jan Feb Mar Apr May Jun Jul Aug Sep Oct Nov Dec
2012: Jan Feb Mar Apr May Jun Jul Aug Sep Oct Nov Dec
2011: Jan Feb Mar Apr May Jun Jul Aug Sep Oct Nov Dec
2024: Jan Feb Mar Apr May Jun Jul Aug Sep Oct Nov Dec
2023: Jan Feb Mar Apr May Jun Jul Aug Sep Oct Nov Dec
2022: Jan Feb Mar Apr May Jun Jul Aug Sep Oct Nov Dec
2021: Jan Feb Mar Apr May Jun Jul Aug Sep Oct Nov Dec
2020: Jan Feb Mar Apr May Jun Jul Aug Sep Oct Nov Dec
2019: Jan Feb Mar Apr May Jun Jul Aug Sep Oct Nov Dec
2018: Jan Feb Mar Apr May Jun Jul Aug Sep Oct Nov Dec
2017: Jan Feb Mar Apr May Jun Jul Aug Sep Oct Nov Dec
2016: Jan Feb Mar Apr May Jun Jul Aug Sep Oct Nov Dec
2015: Jan Feb Mar Apr May Jun Jul Aug Sep Oct Nov Dec
2014: Jan Feb Mar Apr May Jun Jul Aug Sep Oct Nov Dec
2013: Jan Feb Mar Apr May Jun Jul Aug Sep Oct Nov Dec
2012: Jan Feb Mar Apr May Jun Jul Aug Sep Oct Nov Dec
2011: Jan Feb Mar Apr May Jun Jul Aug Sep Oct Nov Dec
Report for 2013 December
MONTHLY CLIMATOLOGICAL SUMMARY for Dec 2013 NAME: High Mosser Gate ELEV: 670 feet LAT: 54-36.48 N LONG: 003-22.02 W TEMPERATURE (C), RAIN (mm), WIND SPEED (knots) HEAT COOL AVG MEAN DEG DEG WIND DOM DAY TEMP HIGH TIME LOW TIME DAYS DAYS RAIN SPEED HIGH TIME DIR --------------------------------------------------------------------------------------- 01 6.8 8.3 13:30 4.6 18:00 11.5 0.0 0.4 0.5 9.6 02:00 272 02 7.1 7.8 03:00 5.4 00:30 11.2 0.0 0.0 2.1 13.0 06:00 131 03 7.6 8.4 12:30 5.7 00:00 10.8 0.0 5.0 1.5 13.0 23:30 101 04 4.7 6.2 00:00 2.4 06:00 13.6 0.0 0.0 3.1 20.0 23:30 272 05 4.5 8.1 10:00 0.5 20:00 13.8 0.0 1.2 8.2 39.1 10:30 278 06 3.4 6.5 00:00 1.8 01:00 14.9 0.0 2.4 2.5 13.9 06:30 290 07 6.7 6.9 13:00 6.4 05:00 11.6 0.0 3.6 2.9 14.8 01:30 241 08 8.5 9.5 00:00 6.9 00:30 9.8 0.0 7.6 2.6 16.5 09:00 94 09 8.9 9.6 01:00 7.3 22:30 9.4 0.0 0.0 2.8 17.4 18:00 120 10 9.3 10.2 19:00 7.4 00:30 9.0 0.0 0.0 6.4 26.1 18:30 135 11 10.3 12.9 00:00 7.5 08:30 8.0 0.0 0.0 4.8 24.3 22:30 135 12 11.0 13.2 01:00 9.8 06:00 7.3 0.0 7.0 8.3 31.3 08:30 135 13 9.6 11.9 05:30 5.6 23:30 8.7 0.0 6.0 5.9 29.5 06:00 130 14 7.7 9.9 11:00 4.3 04:00 10.6 0.0 17.8 6.6 38.2 11:30 131 15 8.5 11.1 20:30 4.8 05:00 9.9 0.0 2.6 7.1 33.9 21:30 137 16 6.2 10.4 00:30 4.4 08:00 12.2 0.0 11.0 2.0 23.5 02:00 128 17 5.0 6.3 12:30 3.7 02:00 13.3 0.0 0.0 4.7 20.9 21:00 135 18 7.5 9.9 16:30 4.5 00:30 10.8 0.0 13.0 11.2 40.0 20:00 133 19 3.7 5.4 00:30 1.3 13:00 14.6 0.0 4.2 2.9 24.3 03:30 127 20 6.7 9.4 23:00 3.8 01:30 11.6 0.0 28.0 5.2 36.5 20:30 128 21 6.8 8.9 09:30 4.2 19:00 11.6 0.0 26.2 4.2 35.6 16:30 124 22 4.1 5.6 04:30 2.8 08:00 14.2 0.0 2.6 4.1 22.6 08:00 216 23 6.6 9.0 21:00 3.8 03:00 11.7 0.0 32.4 8.1 43.4 12:30 132 24 4.7 8.3 00:30 3.2 03:00 13.7 0.0 10.6 4.4 28.7 02:00 101 25 4.6 6.4 12:30 3.4 23:00 13.7 0.0 0.0 2.3 13.0 21:30 121 26 4.4 5.3 21:00 3.8 09:30 13.9 0.0 5.2 5.2 46.9 00:00 135 27 6.5 7.9 03:00 5.0 00:00 11.9 0.0 5.4 7.4 45.2 01:00 121 28 4.4 5.0 00:30 3.8 08:30 13.9 0.0 0.0 3.9 19.1 13:00 238 29 5.0 7.6 00:00 3.4 06:00 13.3 0.0 1.6 5.7 33.9 23:00 157 30 6.5 8.9 06:00 3.5 12:30 11.9 0.0 38.8 8.4 40.8 05:30 145 31 5.9 7.8 09:00 4.1 11:30 12.4 0.0 11.6 8.1 33.0 09:00 135 --------------------------------------------------------------------------------------- 6.6 13.2 12 0.5 05 365.0 0.0 244.2 4.9 46.9 27 138