NOAA-Style Climate Reports
Select a Year or Month report
2024: Jan Feb Mar Apr May Jun Jul Aug Sep Oct Nov Dec
2023: Jan Feb Mar Apr May Jun Jul Aug Sep Oct Nov Dec
2022: Jan Feb Mar Apr May Jun Jul Aug Sep Oct Nov Dec
2021: Jan Feb Mar Apr May Jun Jul Aug Sep Oct Nov Dec
2020: Jan Feb Mar Apr May Jun Jul Aug Sep Oct Nov Dec
2019: Jan Feb Mar Apr May Jun Jul Aug Sep Oct Nov Dec
2018: Jan Feb Mar Apr May Jun Jul Aug Sep Oct Nov Dec
2017: Jan Feb Mar Apr May Jun Jul Aug Sep Oct Nov Dec
2016: Jan Feb Mar Apr May Jun Jul Aug Sep Oct Nov Dec
2015: Jan Feb Mar Apr May Jun Jul Aug Sep Oct Nov Dec
2014: Jan Feb Mar Apr May Jun Jul Aug Sep Oct Nov Dec
2013: Jan Feb Mar Apr May Jun Jul Aug Sep Oct Nov Dec
2012: Jan Feb Mar Apr May Jun Jul Aug Sep Oct Nov Dec
2011: Jan Feb Mar Apr May Jun Jul Aug Sep Oct Nov Dec
2024: Jan Feb Mar Apr May Jun Jul Aug Sep Oct Nov Dec
2023: Jan Feb Mar Apr May Jun Jul Aug Sep Oct Nov Dec
2022: Jan Feb Mar Apr May Jun Jul Aug Sep Oct Nov Dec
2021: Jan Feb Mar Apr May Jun Jul Aug Sep Oct Nov Dec
2020: Jan Feb Mar Apr May Jun Jul Aug Sep Oct Nov Dec
2019: Jan Feb Mar Apr May Jun Jul Aug Sep Oct Nov Dec
2018: Jan Feb Mar Apr May Jun Jul Aug Sep Oct Nov Dec
2017: Jan Feb Mar Apr May Jun Jul Aug Sep Oct Nov Dec
2016: Jan Feb Mar Apr May Jun Jul Aug Sep Oct Nov Dec
2015: Jan Feb Mar Apr May Jun Jul Aug Sep Oct Nov Dec
2014: Jan Feb Mar Apr May Jun Jul Aug Sep Oct Nov Dec
2013: Jan Feb Mar Apr May Jun Jul Aug Sep Oct Nov Dec
2012: Jan Feb Mar Apr May Jun Jul Aug Sep Oct Nov Dec
2011: Jan Feb Mar Apr May Jun Jul Aug Sep Oct Nov Dec
Report for 2013 August
MONTHLY CLIMATOLOGICAL SUMMARY for Aug 2013 NAME: High Mosser Gate ELEV: 670 feet LAT: 54-36.48 N LONG: 003-22.02 W TEMPERATURE (C), RAIN (mm), WIND SPEED (knots) HEAT COOL AVG MEAN DEG DEG WIND DOM DAY TEMP HIGH TIME LOW TIME DAYS DAYS RAIN SPEED HIGH TIME DIR --------------------------------------------------------------------------------------- 01 17.6 21.7 18:30 16.2 07:00 0.8 0.0 5.2 2.9 18.2 09:00 109 02 17.5 19.4 16:30 14.8 00:00 0.8 0.0 2.0 4.4 19.1 17:00 105 03 14.7 17.1 17:00 13.1 07:30 3.6 0.0 0.4 3.2 13.9 21:30 82 04 15.6 19.8 17:00 12.6 05:30 2.7 0.0 19.6 2.1 13.0 01:30 84 05 14.9 16.9 18:30 12.2 00:00 3.5 0.0 52.2 1.8 13.0 20:00 310 06 13.3 17.4 18:30 9.7 04:00 5.1 0.0 0.0 0.9 8.7 16:00 279 07 14.5 19.0 16:00 9.4 05:00 3.8 0.0 0.0 1.2 7.8 19:00 275 08 15.4 19.9 16:00 9.8 04:30 3.0 0.0 4.2 1.5 10.4 22:30 108 09 14.1 15.8 13:30 12.2 23:30 4.2 0.0 4.4 3.5 14.8 03:30 281 10 13.4 16.2 14:00 11.4 06:30 4.9 0.0 1.2 1.5 10.4 14:00 52 11 13.0 15.4 17:00 11.4 03:30 5.3 0.0 3.2 2.6 13.9 14:00 266 12 12.9 15.9 15:30 11.1 03:30 5.5 0.0 2.0 3.9 18.2 16:30 287 13 13.0 16.2 15:30 9.8 02:00 5.3 0.0 0.0 1.7 10.4 18:30 286 14 15.7 18.8 13:30 12.1 00:30 2.6 0.0 0.4 2.5 13.9 13:30 131 15 16.1 17.4 16:30 15.3 05:00 2.3 0.0 32.0 3.0 13.9 17:00 99 16 14.7 17.3 16:00 11.0 08:30 3.6 0.0 8.0 1.8 9.6 01:30 70 17 14.7 15.8 18:30 13.2 00:00 3.7 0.0 21.2 3.9 25.2 12:30 96 18 12.9 15.4 16:00 10.8 04:00 5.4 0.0 2.0 2.6 14.8 12:00 266 19 13.5 16.4 17:00 10.4 04:30 4.9 0.0 0.0 2.0 13.9 16:30 247 20 14.8 17.8 15:30 12.2 03:30 3.5 0.0 0.0 1.9 13.0 18:00 98 21 14.9 16.1 19:00 14.1 05:00 3.4 0.0 8.0 3.0 16.5 02:30 100 22 16.5 19.7 19:00 14.1 06:30 1.8 0.0 1.8 0.6 6.1 13:00 275 23 17.2 19.9 11:30 14.7 22:30 1.1 0.0 0.0 1.3 10.4 15:00 123 24 14.0 16.5 14:00 9.9 00:00 4.3 0.0 0.8 1.1 8.7 16:00 292 25 15.2 21.7 18:00 8.6 03:30 3.1 0.0 0.0 1.0 7.0 14:30 44 26 15.6 19.9 14:00 12.1 00:00 2.7 0.0 0.0 0.9 8.7 15:00 303 27 14.5 18.1 17:30 10.7 03:00 3.8 0.0 0.2 1.3 12.2 08:00 285 28 13.0 15.5 12:30 10.8 21:00 5.3 0.0 0.0 1.2 10.4 14:30 249 29 14.6 16.3 15:30 11.6 00:30 3.7 0.0 0.4 1.9 10.4 01:30 98 30 14.4 16.4 14:30 10.3 00:00 4.0 0.0 2.8 2.6 15.6 21:30 95 31 11.5 14.2 17:00 8.2 03:30 6.9 0.0 0.6 2.6 15.6 17:30 291 --------------------------------------------------------------------------------------- 14.6 21.7 01 8.2 31 114.8 0.0 172.6 2.1 25.2 17 95