NOAA-Style Climate Reports
Select a Year or Month report
2024: Jan Feb Mar Apr May Jun Jul Aug Sep Oct Nov Dec
2023: Jan Feb Mar Apr May Jun Jul Aug Sep Oct Nov Dec
2022: Jan Feb Mar Apr May Jun Jul Aug Sep Oct Nov Dec
2021: Jan Feb Mar Apr May Jun Jul Aug Sep Oct Nov Dec
2020: Jan Feb Mar Apr May Jun Jul Aug Sep Oct Nov Dec
2019: Jan Feb Mar Apr May Jun Jul Aug Sep Oct Nov Dec
2018: Jan Feb Mar Apr May Jun Jul Aug Sep Oct Nov Dec
2017: Jan Feb Mar Apr May Jun Jul Aug Sep Oct Nov Dec
2016: Jan Feb Mar Apr May Jun Jul Aug Sep Oct Nov Dec
2015: Jan Feb Mar Apr May Jun Jul Aug Sep Oct Nov Dec
2014: Jan Feb Mar Apr May Jun Jul Aug Sep Oct Nov Dec
2013: Jan Feb Mar Apr May Jun Jul Aug Sep Oct Nov Dec
2012: Jan Feb Mar Apr May Jun Jul Aug Sep Oct Nov Dec
2011: Jan Feb Mar Apr May Jun Jul Aug Sep Oct Nov Dec
2024: Jan Feb Mar Apr May Jun Jul Aug Sep Oct Nov Dec
2023: Jan Feb Mar Apr May Jun Jul Aug Sep Oct Nov Dec
2022: Jan Feb Mar Apr May Jun Jul Aug Sep Oct Nov Dec
2021: Jan Feb Mar Apr May Jun Jul Aug Sep Oct Nov Dec
2020: Jan Feb Mar Apr May Jun Jul Aug Sep Oct Nov Dec
2019: Jan Feb Mar Apr May Jun Jul Aug Sep Oct Nov Dec
2018: Jan Feb Mar Apr May Jun Jul Aug Sep Oct Nov Dec
2017: Jan Feb Mar Apr May Jun Jul Aug Sep Oct Nov Dec
2016: Jan Feb Mar Apr May Jun Jul Aug Sep Oct Nov Dec
2015: Jan Feb Mar Apr May Jun Jul Aug Sep Oct Nov Dec
2014: Jan Feb Mar Apr May Jun Jul Aug Sep Oct Nov Dec
2013: Jan Feb Mar Apr May Jun Jul Aug Sep Oct Nov Dec
2012: Jan Feb Mar Apr May Jun Jul Aug Sep Oct Nov Dec
2011: Jan Feb Mar Apr May Jun Jul Aug Sep Oct Nov Dec
Report for 2013 July
MONTHLY CLIMATOLOGICAL SUMMARY for Jul 2013 NAME: High Mosser Gate ELEV: 670 feet LAT: 54-36.48 N LONG: 003-22.02 W TEMPERATURE (C), RAIN (mm), WIND SPEED (knots) HEAT COOL AVG MEAN DEG DEG WIND DOM DAY TEMP HIGH TIME LOW TIME DAYS DAYS RAIN SPEED HIGH TIME DIR --------------------------------------------------------------------------------------- 01 11.7 14.6 20:30 9.6 07:00 6.7 0.0 0.0 2.5 12.2 16:30 276 02 12.3 13.6 10:30 11.1 00:30 6.0 0.0 5.0 4.8 23.5 17:00 134 03 13.4 15.8 19:00 12.0 09:30 4.9 0.0 2.6 1.7 12.2 14:30 264 04 13.9 16.6 15:30 11.8 00:00 4.5 0.0 3.4 3.2 17.4 07:30 130 05 14.1 17.7 18:00 10.4 06:00 4.3 0.0 0.0 1.0 10.4 17:00 264 06 15.7 18.9 18:00 12.1 00:00 2.7 0.0 0.0 0.6 13.0 14:30 254 07 16.6 20.2 15:00 11.2 01:30 1.7 0.0 0.0 0.4 8.7 15:30 310 08 19.5 23.0 15:00 14.6 05:30 0.0 1.1 0.0 0.4 9.6 16:00 312 09 20.3 24.6 21:00 15.7 00:30 0.0 2.0 0.0 0.3 7.0 12:00 296 10 19.3 22.4 16:00 14.3 00:00 0.0 0.9 0.0 0.3 8.7 16:00 336 11 17.3 21.6 17:00 13.8 04:30 1.0 0.0 0.0 0.5 8.7 16:00 311 12 19.4 24.1 17:00 14.8 03:30 0.0 1.0 0.0 0.4 7.8 17:30 280 13 18.6 22.4 12:30 14.1 00:00 0.0 0.2 0.0 0.6 8.7 14:00 285 14 15.1 18.2 16:30 12.2 05:30 3.2 0.0 0.0 0.7 11.3 15:00 262 15 15.0 18.0 15:30 11.9 03:00 3.3 0.0 0.0 0.9 9.6 16:00 275 16 17.7 21.6 14:00 13.4 01:00 0.7 0.0 0.0 0.5 8.7 15:00 285 17 18.2 21.9 11:30 12.7 03:00 0.1 0.0 0.0 0.7 10.4 14:30 294 18 19.9 24.2 21:30 13.4 06:30 0.0 1.6 0.0 0.6 8.7 15:00 316 19 21.6 26.5 17:30 15.6 05:30 0.0 3.3 0.0 0.5 10.4 15:30 325 20 19.1 23.2 14:30 14.3 03:30 0.0 0.8 0.0 1.1 9.6 07:30 113 21 17.3 21.1 13:30 13.4 05:30 1.1 0.0 0.0 0.8 9.6 14:30 154 22 19.5 26.2 17:00 13.5 06:00 0.0 1.2 0.0 0.3 7.8 13:30 9 23 18.5 20.3 15:30 16.3 22:30 0.0 0.2 13.8 0.6 13.9 12:30 136 24 18.0 21.8 15:30 14.7 04:00 0.3 0.0 0.0 0.6 9.6 15:30 142 25 17.4 22.5 16:30 14.0 06:30 0.9 0.0 14.8 1.2 16.5 23:30 119 26 17.3 20.6 14:30 12.6 00:00 1.0 0.0 0.0 2.2 12.2 02:30 103 27 17.1 21.2 13:00 12.5 06:30 1.3 0.0 0.4 1.0 9.6 14:00 334 28 15.9 19.0 15:30 13.1 08:30 2.4 0.0 28.8 1.6 9.6 00:30 89 29 16.2 19.1 15:30 14.3 03:30 2.2 0.0 15.0 2.0 10.4 12:00 95 30 15.3 18.6 15:30 13.1 07:00 3.1 0.0 5.2 1.8 11.3 14:30 87 31 15.0 18.8 14:00 11.4 06:00 3.3 0.0 18.2 1.7 17.4 23:00 112 --------------------------------------------------------------------------------------- 17.0 26.5 19 9.6 01 54.7 12.3 107.2 1.1 23.5 02 127