NOAA-Style Climate Reports
Select a Year or Month report
2024: Jan Feb Mar Apr May Jun Jul Aug Sep Oct Nov Dec
2023: Jan Feb Mar Apr May Jun Jul Aug Sep Oct Nov Dec
2022: Jan Feb Mar Apr May Jun Jul Aug Sep Oct Nov Dec
2021: Jan Feb Mar Apr May Jun Jul Aug Sep Oct Nov Dec
2020: Jan Feb Mar Apr May Jun Jul Aug Sep Oct Nov Dec
2019: Jan Feb Mar Apr May Jun Jul Aug Sep Oct Nov Dec
2018: Jan Feb Mar Apr May Jun Jul Aug Sep Oct Nov Dec
2017: Jan Feb Mar Apr May Jun Jul Aug Sep Oct Nov Dec
2016: Jan Feb Mar Apr May Jun Jul Aug Sep Oct Nov Dec
2015: Jan Feb Mar Apr May Jun Jul Aug Sep Oct Nov Dec
2014: Jan Feb Mar Apr May Jun Jul Aug Sep Oct Nov Dec
2013: Jan Feb Mar Apr May Jun Jul Aug Sep Oct Nov Dec
2012: Jan Feb Mar Apr May Jun Jul Aug Sep Oct Nov Dec
2011: Jan Feb Mar Apr May Jun Jul Aug Sep Oct Nov Dec
2024: Jan Feb Mar Apr May Jun Jul Aug Sep Oct Nov Dec
2023: Jan Feb Mar Apr May Jun Jul Aug Sep Oct Nov Dec
2022: Jan Feb Mar Apr May Jun Jul Aug Sep Oct Nov Dec
2021: Jan Feb Mar Apr May Jun Jul Aug Sep Oct Nov Dec
2020: Jan Feb Mar Apr May Jun Jul Aug Sep Oct Nov Dec
2019: Jan Feb Mar Apr May Jun Jul Aug Sep Oct Nov Dec
2018: Jan Feb Mar Apr May Jun Jul Aug Sep Oct Nov Dec
2017: Jan Feb Mar Apr May Jun Jul Aug Sep Oct Nov Dec
2016: Jan Feb Mar Apr May Jun Jul Aug Sep Oct Nov Dec
2015: Jan Feb Mar Apr May Jun Jul Aug Sep Oct Nov Dec
2014: Jan Feb Mar Apr May Jun Jul Aug Sep Oct Nov Dec
2013: Jan Feb Mar Apr May Jun Jul Aug Sep Oct Nov Dec
2012: Jan Feb Mar Apr May Jun Jul Aug Sep Oct Nov Dec
2011: Jan Feb Mar Apr May Jun Jul Aug Sep Oct Nov Dec
Report for 2013 June
MONTHLY CLIMATOLOGICAL SUMMARY for Jun 2013 NAME: High Mosser Gate ELEV: 670 feet LAT: 54-36.48 N LONG: 003-22.02 W TEMPERATURE (C), RAIN (mm), WIND SPEED (knots) HEAT COOL AVG MEAN DEG DEG WIND DOM DAY TEMP HIGH TIME LOW TIME DAYS DAYS RAIN SPEED HIGH TIME DIR --------------------------------------------------------------------------------------- 01 9.2 12.8 16:30 3.7 06:00 9.2 0.0 0.0 2.3 12.2 15:00 286 02 9.5 13.2 17:30 3.4 05:30 8.9 0.0 0.0 1.8 10.4 11:30 275 03 12.1 16.2 18:00 7.1 05:00 6.3 0.0 0.0 1.2 7.8 15:30 317 04 15.1 18.6 20:00 10.3 05:30 3.2 0.0 0.0 1.7 8.7 12:00 317 05 13.9 17.4 17:30 8.1 06:00 4.4 0.0 0.0 1.8 8.7 02:00 309 06 14.2 18.6 17:00 9.8 07:00 4.1 0.0 0.0 1.4 9.6 17:00 314 07 15.2 19.6 16:30 9.1 06:00 3.1 0.0 0.0 1.6 8.7 14:30 302 08 14.4 17.8 17:30 8.9 06:00 3.9 0.0 0.0 1.8 10.4 15:00 306 09 14.5 17.8 16:00 9.6 05:30 3.9 0.0 0.0 1.4 9.6 16:30 303 10 12.4 14.1 17:30 9.9 05:30 5.9 0.0 0.0 1.1 6.1 18:30 305 11 12.5 15.8 19:30 8.7 05:30 5.8 0.0 0.2 2.9 15.6 16:00 121 12 12.8 16.2 16:30 11.3 22:30 5.5 0.0 6.0 2.0 16.5 07:00 124 13 11.6 13.8 16:00 9.8 10:00 6.7 0.0 3.6 2.2 14.8 16:30 287 14 11.7 14.8 15:30 8.7 04:30 6.7 0.0 6.8 3.4 18.2 09:30 116 15 10.4 12.9 15:00 8.4 06:00 8.0 0.0 9.6 3.5 28.7 02:30 94 16 12.4 16.4 14:30 8.8 00:00 6.0 0.0 0.2 1.1 9.6 14:00 118 17 14.0 18.6 17:00 8.2 01:00 4.3 0.0 0.4 0.7 7.0 16:30 83 18 16.3 20.2 12:00 11.2 00:00 2.0 0.0 0.0 1.3 10.4 16:00 273 19 13.2 15.6 18:30 9.7 06:00 5.2 0.0 0.0 1.5 10.4 15:00 282 20 14.5 20.4 13:00 8.2 05:00 3.8 0.0 7.4 1.3 9.6 12:30 119 21 14.1 17.0 17:30 11.5 00:00 4.2 0.0 0.2 1.5 16.5 00:00 288 22 11.5 14.2 16:30 9.2 02:00 6.8 0.0 11.2 4.2 21.7 06:30 104 23 11.3 13.3 16:00 10.2 01:00 7.0 0.0 1.8 5.6 21.7 19:30 298 24 11.0 13.8 18:30 7.8 00:00 7.3 0.0 0.0 3.9 16.5 00:30 301 25 11.9 16.7 15:00 6.2 03:00 6.4 0.0 0.0 1.4 9.6 15:00 119 26 12.7 15.8 16:30 9.6 23:30 5.6 0.0 0.0 2.5 11.3 11:00 302 27 11.0 12.7 22:30 8.7 05:00 7.3 0.0 4.2 0.9 7.8 13:30 270 28 12.4 13.5 13:30 10.1 00:00 6.0 0.0 18.6 1.9 16.5 20:00 281 29 11.9 15.2 16:00 9.4 06:30 6.5 0.0 0.2 1.2 10.4 03:00 300 30 12.9 14.9 13:30 10.8 00:00 5.4 0.0 1.2 1.7 14.8 15:30 89 --------------------------------------------------------------------------------------- 12.7 20.4 20 3.4 02 169.4 0.0 71.6 2.0 28.7 15 310