NOAA-Style Climate Reports
Select a Year or Month report
2024: Jan Feb Mar Apr May Jun Jul Aug Sep Oct Nov Dec
2023: Jan Feb Mar Apr May Jun Jul Aug Sep Oct Nov Dec
2022: Jan Feb Mar Apr May Jun Jul Aug Sep Oct Nov Dec
2021: Jan Feb Mar Apr May Jun Jul Aug Sep Oct Nov Dec
2020: Jan Feb Mar Apr May Jun Jul Aug Sep Oct Nov Dec
2019: Jan Feb Mar Apr May Jun Jul Aug Sep Oct Nov Dec
2018: Jan Feb Mar Apr May Jun Jul Aug Sep Oct Nov Dec
2017: Jan Feb Mar Apr May Jun Jul Aug Sep Oct Nov Dec
2016: Jan Feb Mar Apr May Jun Jul Aug Sep Oct Nov Dec
2015: Jan Feb Mar Apr May Jun Jul Aug Sep Oct Nov Dec
2014: Jan Feb Mar Apr May Jun Jul Aug Sep Oct Nov Dec
2013: Jan Feb Mar Apr May Jun Jul Aug Sep Oct Nov Dec
2012: Jan Feb Mar Apr May Jun Jul Aug Sep Oct Nov Dec
2011: Jan Feb Mar Apr May Jun Jul Aug Sep Oct Nov Dec
2024: Jan Feb Mar Apr May Jun Jul Aug Sep Oct Nov Dec
2023: Jan Feb Mar Apr May Jun Jul Aug Sep Oct Nov Dec
2022: Jan Feb Mar Apr May Jun Jul Aug Sep Oct Nov Dec
2021: Jan Feb Mar Apr May Jun Jul Aug Sep Oct Nov Dec
2020: Jan Feb Mar Apr May Jun Jul Aug Sep Oct Nov Dec
2019: Jan Feb Mar Apr May Jun Jul Aug Sep Oct Nov Dec
2018: Jan Feb Mar Apr May Jun Jul Aug Sep Oct Nov Dec
2017: Jan Feb Mar Apr May Jun Jul Aug Sep Oct Nov Dec
2016: Jan Feb Mar Apr May Jun Jul Aug Sep Oct Nov Dec
2015: Jan Feb Mar Apr May Jun Jul Aug Sep Oct Nov Dec
2014: Jan Feb Mar Apr May Jun Jul Aug Sep Oct Nov Dec
2013: Jan Feb Mar Apr May Jun Jul Aug Sep Oct Nov Dec
2012: Jan Feb Mar Apr May Jun Jul Aug Sep Oct Nov Dec
2011: Jan Feb Mar Apr May Jun Jul Aug Sep Oct Nov Dec
Report for 2013 May
MONTHLY CLIMATOLOGICAL SUMMARY for May 2013 NAME: High Mosser Gate ELEV: 670 feet LAT: 54-36.48 N LONG: 003-22.02 W TEMPERATURE (C), RAIN (mm), WIND SPEED (knots) HEAT COOL AVG MEAN DEG DEG WIND DOM DAY TEMP HIGH TIME LOW TIME DAYS DAYS RAIN SPEED HIGH TIME DIR --------------------------------------------------------------------------------------- 01 7.5 10.5 15:30 3.7 01:00 10.9 0.0 0.2 3.3 16.5 16:30 183 02 8.0 13.4 18:00 1.9 05:00 10.3 0.0 0.0 2.0 14.8 23:30 178 03 9.1 11.8 14:30 8.1 00:00 9.2 0.0 8.4 3.2 19.1 22:30 129 04 7.5 10.9 16:30 4.8 06:00 10.9 0.0 3.0 2.2 16.5 13:30 212 05 10.1 12.7 16:30 8.4 00:30 8.2 0.0 1.6 3.1 17.4 23:00 132 06 10.1 14.3 18:30 8.1 06:30 8.3 0.0 0.0 3.4 16.5 01:30 140 07 14.0 21.1 16:30 7.0 06:00 4.4 0.0 0.0 2.9 20.0 23:30 123 08 12.6 15.8 06:30 7.8 00:00 5.8 0.0 1.8 7.6 26.9 19:00 133 09 7.8 9.3 19:00 6.8 04:30 10.5 0.0 8.8 5.8 25.2 16:30 135 10 8.2 10.9 16:00 6.8 06:00 10.1 0.0 3.0 2.4 13.9 15:00 204 11 7.0 8.9 16:00 5.4 21:00 11.3 0.0 12.0 4.3 19.1 22:30 260 12 7.8 9.8 20:30 5.9 06:00 10.5 0.0 7.6 3.5 20.9 15:00 274 13 6.2 8.5 15:30 4.3 05:00 12.1 0.0 2.2 4.9 23.5 02:30 246 14 7.2 10.3 17:30 4.2 00:00 11.1 0.0 0.2 2.4 17.4 02:00 125 15 6.2 9.6 16:30 3.2 06:00 12.1 0.0 1.8 3.7 20.9 13:30 324 16 7.2 10.4 13:00 3.2 06:30 11.1 0.0 0.6 1.6 10.4 10:00 116 17 9.0 13.7 15:00 3.9 06:00 9.3 0.0 0.0 2.2 10.4 15:30 48 18 8.5 10.3 17:00 6.9 07:00 9.9 0.0 28.2 0.5 7.8 07:30 306 19 10.1 12.6 16:30 8.6 03:30 8.2 0.0 0.6 0.6 7.0 17:30 292 20 12.5 15.6 17:30 10.2 07:00 5.8 0.0 0.6 0.7 7.8 21:00 330 21 11.6 14.1 18:30 8.3 00:00 6.7 0.0 0.0 1.8 10.4 05:00 295 22 9.0 11.8 16:00 5.4 00:00 9.4 0.0 0.0 5.2 20.9 19:00 303 23 5.6 7.9 18:00 3.1 05:00 12.7 0.0 0.6 6.0 24.3 13:30 313 24 7.2 11.0 17:00 4.5 06:00 11.2 0.0 0.2 5.2 23.5 12:00 17 25 8.8 12.7 20:30 2.4 05:30 9.5 0.0 0.0 2.0 10.4 13:00 295 26 10.7 15.6 14:00 5.8 06:00 7.6 0.0 0.0 1.9 15.6 23:00 149 27 8.5 10.1 20:30 7.5 04:30 9.8 0.0 18.2 7.3 30.4 16:00 135 28 9.2 11.7 12:30 7.0 06:30 9.1 0.0 7.8 2.2 13.9 23:30 104 29 10.1 13.9 15:00 5.2 05:30 8.2 0.0 0.0 1.9 11.3 01:00 47 30 13.1 16.7 18:30 10.7 23:30 5.2 0.0 0.2 1.8 13.9 11:30 36 31 11.6 15.7 11:30 8.3 05:30 6.7 0.0 0.0 2.1 12.2 20:30 274 --------------------------------------------------------------------------------------- 9.1 21.1 07 1.9 02 286.2 0.0 107.6 3.1 30.4 27 143