NOAA-Style Climate Reports
Select a Year or Month report
2024: Jan Feb Mar Apr May Jun Jul Aug Sep Oct Nov Dec
2023: Jan Feb Mar Apr May Jun Jul Aug Sep Oct Nov Dec
2022: Jan Feb Mar Apr May Jun Jul Aug Sep Oct Nov Dec
2021: Jan Feb Mar Apr May Jun Jul Aug Sep Oct Nov Dec
2020: Jan Feb Mar Apr May Jun Jul Aug Sep Oct Nov Dec
2019: Jan Feb Mar Apr May Jun Jul Aug Sep Oct Nov Dec
2018: Jan Feb Mar Apr May Jun Jul Aug Sep Oct Nov Dec
2017: Jan Feb Mar Apr May Jun Jul Aug Sep Oct Nov Dec
2016: Jan Feb Mar Apr May Jun Jul Aug Sep Oct Nov Dec
2015: Jan Feb Mar Apr May Jun Jul Aug Sep Oct Nov Dec
2014: Jan Feb Mar Apr May Jun Jul Aug Sep Oct Nov Dec
2013: Jan Feb Mar Apr May Jun Jul Aug Sep Oct Nov Dec
2012: Jan Feb Mar Apr May Jun Jul Aug Sep Oct Nov Dec
2011: Jan Feb Mar Apr May Jun Jul Aug Sep Oct Nov Dec
2024: Jan Feb Mar Apr May Jun Jul Aug Sep Oct Nov Dec
2023: Jan Feb Mar Apr May Jun Jul Aug Sep Oct Nov Dec
2022: Jan Feb Mar Apr May Jun Jul Aug Sep Oct Nov Dec
2021: Jan Feb Mar Apr May Jun Jul Aug Sep Oct Nov Dec
2020: Jan Feb Mar Apr May Jun Jul Aug Sep Oct Nov Dec
2019: Jan Feb Mar Apr May Jun Jul Aug Sep Oct Nov Dec
2018: Jan Feb Mar Apr May Jun Jul Aug Sep Oct Nov Dec
2017: Jan Feb Mar Apr May Jun Jul Aug Sep Oct Nov Dec
2016: Jan Feb Mar Apr May Jun Jul Aug Sep Oct Nov Dec
2015: Jan Feb Mar Apr May Jun Jul Aug Sep Oct Nov Dec
2014: Jan Feb Mar Apr May Jun Jul Aug Sep Oct Nov Dec
2013: Jan Feb Mar Apr May Jun Jul Aug Sep Oct Nov Dec
2012: Jan Feb Mar Apr May Jun Jul Aug Sep Oct Nov Dec
2011: Jan Feb Mar Apr May Jun Jul Aug Sep Oct Nov Dec
Report for 2013 February
MONTHLY CLIMATOLOGICAL SUMMARY for Feb 2013 NAME: High Mosser Gate ELEV: 670 feet LAT: 54-36.48 N LONG: 003-22.02 W TEMPERATURE (C), RAIN (mm), WIND SPEED (knots) HEAT COOL AVG MEAN DEG DEG WIND DOM DAY TEMP HIGH TIME LOW TIME DAYS DAYS RAIN SPEED HIGH TIME DIR --------------------------------------------------------------------------------------- 01 3.8 5.6 11:30 -0.1 00:00 14.6 0.0 0.2 2.4 16.5 17:30 52 02 0.5 3.2 14:30 -1.8 03:30 17.8 0.0 0.0 1.8 12.2 11:00 23 03 5.8 7.6 11:30 2.4 00:30 12.5 0.0 6.2 3.6 21.7 11:30 195 04 4.2 7.9 01:30 1.1 21:00 14.1 0.0 3.0 8.4 32.2 15:00 268 05 2.2 4.6 16:30 0.1 08:00 16.1 0.0 5.4 7.1 25.2 00:00 275 06 2.0 3.7 14:30 -0.3 00:00 16.4 0.0 0.0 5.4 22.6 11:30 351 07 1.2 3.1 11:30 -0.9 00:30 17.1 0.0 0.0 0.4 5.2 15:00 199 08 2.8 5.3 15:00 0.9 01:00 15.5 0.0 1.0 1.1 10.4 11:30 319 09 2.8 3.8 16:00 1.5 00:30 15.6 0.0 2.8 0.2 6.1 01:00 112 10 2.9 3.7 17:00 1.0 00:00 15.5 0.0 1.8 3.7 20.9 17:00 101 11 1.3 2.6 14:30 -0.7 22:30 17.0 0.0 0.2 3.3 20.9 07:00 75 12 0.6 2.6 13:00 -1.4 08:00 17.7 0.0 0.0 1.6 13.0 14:30 125 13 2.4 6.6 00:00 -0.4 01:30 15.9 0.0 23.6 8.9 31.3 16:00 135 14 5.5 7.0 01:30 4.3 05:00 12.9 0.0 0.6 3.1 15.6 13:00 244 15 4.5 6.6 16:00 3.2 07:00 13.9 0.0 0.0 2.0 13.9 01:30 222 16 6.3 8.9 14:00 4.0 00:30 12.0 0.0 0.0 3.3 13.9 08:00 134 17 5.2 7.6 13:00 2.0 23:30 13.1 0.0 0.0 2.8 14.8 14:00 136 18 2.8 6.3 15:00 0.4 07:30 15.6 0.0 0.0 1.3 6.1 01:00 132 19 3.2 7.1 15:00 0.2 08:00 15.1 0.0 0.0 1.2 6.1 06:30 136 20 2.3 5.3 12:30 -0.9 23:30 16.0 0.0 0.0 4.1 19.1 23:00 135 21 -0.0 2.4 14:00 -1.9 02:30 18.4 0.0 0.0 4.1 15.6 13:30 119 22 0.0 1.3 13:30 -1.1 00:30 18.3 0.0 0.0 1.5 10.4 00:30 78 23 0.3 3.2 15:00 -1.8 22:30 18.0 0.0 0.0 1.7 11.3 11:30 58 24 0.5 3.4 15:00 -3.2 06:00 17.8 0.0 0.0 1.1 10.4 14:30 48 25 2.2 6.6 14:00 -1.3 03:30 16.2 0.0 0.0 3.1 15.6 14:30 52 26 3.0 8.9 15:30 -1.0 07:30 15.3 0.0 0.0 1.4 12.2 11:30 78 27 2.3 7.2 15:00 -2.9 06:30 16.1 0.0 0.0 0.6 3.5 12:30 345 28 5.6 10.2 14:00 3.2 00:30 12.7 0.0 0.0 2.0 11.3 20:00 73 --------------------------------------------------------------------------------------- 2.7 10.2 28 -3.2 24 437.2 0.0 44.8 2.9 32.2 04 121