NOAA-Style Climate Reports
Select a Year or Month report
2024: Jan Feb Mar Apr May Jun Jul Aug Sep Oct Nov Dec
2023: Jan Feb Mar Apr May Jun Jul Aug Sep Oct Nov Dec
2022: Jan Feb Mar Apr May Jun Jul Aug Sep Oct Nov Dec
2021: Jan Feb Mar Apr May Jun Jul Aug Sep Oct Nov Dec
2020: Jan Feb Mar Apr May Jun Jul Aug Sep Oct Nov Dec
2019: Jan Feb Mar Apr May Jun Jul Aug Sep Oct Nov Dec
2018: Jan Feb Mar Apr May Jun Jul Aug Sep Oct Nov Dec
2017: Jan Feb Mar Apr May Jun Jul Aug Sep Oct Nov Dec
2016: Jan Feb Mar Apr May Jun Jul Aug Sep Oct Nov Dec
2015: Jan Feb Mar Apr May Jun Jul Aug Sep Oct Nov Dec
2014: Jan Feb Mar Apr May Jun Jul Aug Sep Oct Nov Dec
2013: Jan Feb Mar Apr May Jun Jul Aug Sep Oct Nov Dec
2012: Jan Feb Mar Apr May Jun Jul Aug Sep Oct Nov Dec
2011: Jan Feb Mar Apr May Jun Jul Aug Sep Oct Nov Dec
2024: Jan Feb Mar Apr May Jun Jul Aug Sep Oct Nov Dec
2023: Jan Feb Mar Apr May Jun Jul Aug Sep Oct Nov Dec
2022: Jan Feb Mar Apr May Jun Jul Aug Sep Oct Nov Dec
2021: Jan Feb Mar Apr May Jun Jul Aug Sep Oct Nov Dec
2020: Jan Feb Mar Apr May Jun Jul Aug Sep Oct Nov Dec
2019: Jan Feb Mar Apr May Jun Jul Aug Sep Oct Nov Dec
2018: Jan Feb Mar Apr May Jun Jul Aug Sep Oct Nov Dec
2017: Jan Feb Mar Apr May Jun Jul Aug Sep Oct Nov Dec
2016: Jan Feb Mar Apr May Jun Jul Aug Sep Oct Nov Dec
2015: Jan Feb Mar Apr May Jun Jul Aug Sep Oct Nov Dec
2014: Jan Feb Mar Apr May Jun Jul Aug Sep Oct Nov Dec
2013: Jan Feb Mar Apr May Jun Jul Aug Sep Oct Nov Dec
2012: Jan Feb Mar Apr May Jun Jul Aug Sep Oct Nov Dec
2011: Jan Feb Mar Apr May Jun Jul Aug Sep Oct Nov Dec
Report for 2012 December
MONTHLY CLIMATOLOGICAL SUMMARY for Dec 2012 NAME: High Mosser Gate ELEV: 670 feet LAT: 54-36.48 N LONG: 003-22.02 W TEMPERATURE (C), RAIN (mm), WIND SPEED (knots) HEAT COOL AVG MEAN DEG DEG WIND DOM DAY TEMP HIGH TIME LOW TIME DAYS DAYS RAIN SPEED HIGH TIME DIR --------------------------------------------------------------------------------------- 01 1.2 4.8 02:30 -1.7 22:00 17.1 0.0 1.0 1.3 13.9 03:00 351 02 0.9 3.0 20:00 -1.6 06:00 17.4 0.0 2.2 1.2 8.7 20:00 134 03 4.0 5.4 13:00 1.6 01:00 14.4 0.0 4.2 3.2 20.0 12:00 272 04 2.8 4.3 00:30 0.0 00:00 15.6 0.0 5.6 2.5 14.8 08:30 306 05 -1.4 0.9 13:30 -3.4 22:30 19.8 0.0 0.0 0.9 11.3 14:00 42 06 2.8 4.8 17:30 -1.7 01:30 15.5 0.0 28.0 4.3 19.1 21:00 141 07 2.7 4.4 14:00 0.4 06:30 15.6 0.0 0.6 3.2 19.1 13:00 334 08 4.3 7.3 18:30 0.5 06:30 14.0 0.0 1.6 2.5 19.1 23:00 242 09 5.0 7.1 00:30 1.0 00:00 13.4 0.0 0.4 4.4 22.6 05:30 282 10 0.1 1.3 12:30 -1.6 09:00 18.2 0.0 0.0 0.4 6.1 18:00 68 11 0.3 2.1 11:30 -1.4 04:00 18.0 0.0 0.0 0.8 7.8 23:30 139 12 0.8 2.2 03:00 -1.3 09:00 17.6 0.0 0.0 1.0 8.7 05:00 142 13 0.6 1.8 12:30 -0.9 15:30 17.7 0.0 0.0 1.4 13.0 00:00 134 14 3.1 4.8 11:30 0.2 02:30 15.3 0.0 8.0 4.7 30.4 10:00 117 15 6.2 6.9 00:00 4.7 00:30 12.1 0.0 0.6 1.9 19.1 00:30 114 16 6.4 7.6 13:00 5.4 23:00 11.9 0.0 0.6 2.9 14.8 14:00 132 17 5.2 6.5 11:30 3.7 00:00 13.1 0.0 6.8 1.4 12.2 01:00 121 18 4.0 5.7 00:00 2.7 03:30 14.3 0.0 0.0 0.3 14.8 23:30 126 19 5.7 6.2 19:00 5.3 09:30 12.6 0.0 1.4 12.5 34.8 20:00 123 20 6.2 7.1 12:30 5.3 08:00 12.1 0.0 8.0 9.1 31.3 01:00 110 21 4.7 5.7 00:30 3.8 18:30 13.6 0.0 3.2 1.2 15.6 01:00 129 22 8.3 10.7 18:30 5.4 01:00 10.0 0.0 13.8 6.7 27.8 08:00 129 23 7.6 10.5 01:30 6.1 16:30 10.8 0.0 0.4 4.8 29.5 02:30 168 24 6.5 7.5 08:00 4.8 16:30 11.9 0.0 8.8 3.2 15.6 15:30 130 25 5.2 6.4 01:30 4.2 22:30 13.1 0.0 7.0 2.5 15.6 20:00 183 26 5.4 6.4 15:00 4.7 17:00 12.9 0.0 9.8 3.3 19.1 07:00 158 27 3.6 5.1 00:30 2.3 07:30 14.7 0.0 16.6 3.7 22.6 02:00 144 28 8.3 10.0 00:00 4.5 04:00 10.0 0.0 6.2 8.1 41.7 21:30 134 29 6.3 9.8 00:30 2.7 20:30 12.0 0.0 16.4 4.1 32.2 00:30 133 30 5.2 8.7 00:00 2.6 04:30 13.1 0.0 11.8 4.4 30.4 18:00 172 31 6.8 9.1 10:00 3.5 00:00 11.5 0.0 1.6 5.0 28.7 08:30 189 --------------------------------------------------------------------------------------- 4.2 10.7 22 -3.4 05 439.3 0.0 164.6 3.5 41.7 28 135