NOAA-Style Climate Reports
Select a Year or Month report
2024: Jan Feb Mar Apr May Jun Jul Aug Sep Oct Nov Dec
2023: Jan Feb Mar Apr May Jun Jul Aug Sep Oct Nov Dec
2022: Jan Feb Mar Apr May Jun Jul Aug Sep Oct Nov Dec
2021: Jan Feb Mar Apr May Jun Jul Aug Sep Oct Nov Dec
2020: Jan Feb Mar Apr May Jun Jul Aug Sep Oct Nov Dec
2019: Jan Feb Mar Apr May Jun Jul Aug Sep Oct Nov Dec
2018: Jan Feb Mar Apr May Jun Jul Aug Sep Oct Nov Dec
2017: Jan Feb Mar Apr May Jun Jul Aug Sep Oct Nov Dec
2016: Jan Feb Mar Apr May Jun Jul Aug Sep Oct Nov Dec
2015: Jan Feb Mar Apr May Jun Jul Aug Sep Oct Nov Dec
2014: Jan Feb Mar Apr May Jun Jul Aug Sep Oct Nov Dec
2013: Jan Feb Mar Apr May Jun Jul Aug Sep Oct Nov Dec
2012: Jan Feb Mar Apr May Jun Jul Aug Sep Oct Nov Dec
2011: Jan Feb Mar Apr May Jun Jul Aug Sep Oct Nov Dec
2024: Jan Feb Mar Apr May Jun Jul Aug Sep Oct Nov Dec
2023: Jan Feb Mar Apr May Jun Jul Aug Sep Oct Nov Dec
2022: Jan Feb Mar Apr May Jun Jul Aug Sep Oct Nov Dec
2021: Jan Feb Mar Apr May Jun Jul Aug Sep Oct Nov Dec
2020: Jan Feb Mar Apr May Jun Jul Aug Sep Oct Nov Dec
2019: Jan Feb Mar Apr May Jun Jul Aug Sep Oct Nov Dec
2018: Jan Feb Mar Apr May Jun Jul Aug Sep Oct Nov Dec
2017: Jan Feb Mar Apr May Jun Jul Aug Sep Oct Nov Dec
2016: Jan Feb Mar Apr May Jun Jul Aug Sep Oct Nov Dec
2015: Jan Feb Mar Apr May Jun Jul Aug Sep Oct Nov Dec
2014: Jan Feb Mar Apr May Jun Jul Aug Sep Oct Nov Dec
2013: Jan Feb Mar Apr May Jun Jul Aug Sep Oct Nov Dec
2012: Jan Feb Mar Apr May Jun Jul Aug Sep Oct Nov Dec
2011: Jan Feb Mar Apr May Jun Jul Aug Sep Oct Nov Dec
Report for 2012 October
MONTHLY CLIMATOLOGICAL SUMMARY for Oct 2012 NAME: High Mosser Gate ELEV: 670 feet LAT: 54-36.48 N LONG: 003-22.02 W TEMPERATURE (C), RAIN (mm), WIND SPEED (knots) HEAT COOL AVG MEAN DEG DEG WIND DOM DAY TEMP HIGH TIME LOW TIME DAYS DAYS RAIN SPEED HIGH TIME DIR --------------------------------------------------------------------------------------- 01 10.7 12.9 16:00 8.7 20:00 7.6 0.0 6.0 2.5 18.2 19:30 83 02 9.9 12.0 16:30 8.2 21:00 8.4 0.0 12.6 2.9 20.9 20:30 97 03 7.6 10.0 18:30 5.4 00:00 10.7 0.0 20.8 2.6 19.1 03:00 238 04 7.9 11.9 14:00 4.3 03:00 10.5 0.0 6.6 1.8 15.6 22:00 120 05 8.2 10.3 14:30 5.8 07:30 10.1 0.0 10.2 1.9 14.8 18:00 231 06 8.6 12.2 15:30 5.5 00:00 9.7 0.0 0.0 1.2 9.6 15:30 269 07 6.0 10.0 16:00 2.6 08:30 12.3 0.0 0.2 0.9 5.2 16:00 98 08 7.3 11.8 16:30 3.9 02:00 11.0 0.0 0.0 1.1 7.8 23:00 88 09 6.7 11.2 15:30 3.7 05:00 11.6 0.0 0.0 0.9 8.7 08:00 130 10 8.7 12.4 14:30 5.0 08:00 9.7 0.0 0.0 1.2 10.4 23:00 137 11 11.2 12.2 21:00 10.3 07:30 7.2 0.0 21.8 4.1 19.1 05:00 124 12 8.3 10.8 00:30 5.7 21:00 10.1 0.0 20.4 3.8 18.2 15:30 287 13 6.9 10.3 15:00 4.7 07:30 11.4 0.0 0.2 1.5 14.8 17:30 189 14 7.3 10.3 18:00 3.7 00:00 11.0 0.0 1.0 0.6 7.0 15:00 102 15 6.2 9.1 15:00 4.2 08:30 12.2 0.0 0.0 0.9 5.2 12:30 198 16 6.2 7.6 05:30 4.6 13:00 12.2 0.0 15.2 2.8 15.6 14:30 289 17 9.0 11.5 18:30 6.2 00:30 9.4 0.0 16.6 4.8 26.9 18:30 126 18 10.4 12.5 15:30 8.4 23:00 8.0 0.0 0.2 3.7 18.2 05:00 123 19 10.6 13.9 15:00 8.8 09:00 7.7 0.0 0.4 1.4 8.7 13:30 135 20 10.5 12.9 14:30 8.7 21:00 7.9 0.0 1.8 1.7 9.6 13:00 138 21 9.3 13.1 13:30 6.1 22:00 9.0 0.0 0.0 1.2 7.0 00:30 137 22 9.6 12.4 15:30 5.2 03:00 8.8 0.0 0.0 1.4 11.3 12:30 117 23 11.4 14.6 15:00 9.8 09:30 7.0 0.0 3.0 0.7 6.1 00:30 54 24 10.3 13.2 15:30 7.1 23:30 8.0 0.0 0.0 1.2 10.4 14:30 70 25 7.2 9.4 12:30 4.1 00:00 11.1 0.0 0.2 2.0 15.6 21:30 71 26 1.4 4.1 16:00 -1.3 00:00 16.9 0.0 0.0 1.4 13.0 21:00 55 27 1.9 6.0 17:00 -2.4 03:30 16.4 0.0 2.8 0.9 11.3 00:00 338 28 7.4 8.2 04:30 4.8 00:30 10.9 0.0 35.4 2.9 18.2 13:30 258 29 5.5 7.7 09:00 2.3 00:00 12.8 0.0 0.4 0.9 10.4 20:00 70 30 6.6 7.8 21:30 2.7 00:30 11.7 0.0 1.8 2.2 13.9 13:00 123 31 6.5 8.3 04:30 4.1 22:30 11.8 0.0 35.6 3.2 29.5 12:30 118 --------------------------------------------------------------------------------------- 7.9 14.6 23 -2.4 27 323.0 0.0 213.2 1.9 29.5 31 118