NOAA-Style Climate Reports
Select a Year or Month report
2024: Jan Feb Mar Apr May Jun Jul Aug Sep Oct Nov Dec
2023: Jan Feb Mar Apr May Jun Jul Aug Sep Oct Nov Dec
2022: Jan Feb Mar Apr May Jun Jul Aug Sep Oct Nov Dec
2021: Jan Feb Mar Apr May Jun Jul Aug Sep Oct Nov Dec
2020: Jan Feb Mar Apr May Jun Jul Aug Sep Oct Nov Dec
2019: Jan Feb Mar Apr May Jun Jul Aug Sep Oct Nov Dec
2018: Jan Feb Mar Apr May Jun Jul Aug Sep Oct Nov Dec
2017: Jan Feb Mar Apr May Jun Jul Aug Sep Oct Nov Dec
2016: Jan Feb Mar Apr May Jun Jul Aug Sep Oct Nov Dec
2015: Jan Feb Mar Apr May Jun Jul Aug Sep Oct Nov Dec
2014: Jan Feb Mar Apr May Jun Jul Aug Sep Oct Nov Dec
2013: Jan Feb Mar Apr May Jun Jul Aug Sep Oct Nov Dec
2012: Jan Feb Mar Apr May Jun Jul Aug Sep Oct Nov Dec
2011: Jan Feb Mar Apr May Jun Jul Aug Sep Oct Nov Dec
2024: Jan Feb Mar Apr May Jun Jul Aug Sep Oct Nov Dec
2023: Jan Feb Mar Apr May Jun Jul Aug Sep Oct Nov Dec
2022: Jan Feb Mar Apr May Jun Jul Aug Sep Oct Nov Dec
2021: Jan Feb Mar Apr May Jun Jul Aug Sep Oct Nov Dec
2020: Jan Feb Mar Apr May Jun Jul Aug Sep Oct Nov Dec
2019: Jan Feb Mar Apr May Jun Jul Aug Sep Oct Nov Dec
2018: Jan Feb Mar Apr May Jun Jul Aug Sep Oct Nov Dec
2017: Jan Feb Mar Apr May Jun Jul Aug Sep Oct Nov Dec
2016: Jan Feb Mar Apr May Jun Jul Aug Sep Oct Nov Dec
2015: Jan Feb Mar Apr May Jun Jul Aug Sep Oct Nov Dec
2014: Jan Feb Mar Apr May Jun Jul Aug Sep Oct Nov Dec
2013: Jan Feb Mar Apr May Jun Jul Aug Sep Oct Nov Dec
2012: Jan Feb Mar Apr May Jun Jul Aug Sep Oct Nov Dec
2011: Jan Feb Mar Apr May Jun Jul Aug Sep Oct Nov Dec
Report for 2012 February
MONTHLY CLIMATOLOGICAL SUMMARY for Feb 2012 NAME: High Mosser Gate ELEV: 670 feet LAT: 54-36.48 N LONG: 003-22.02 W TEMPERATURE (C), RAIN (mm), WIND SPEED (knots) HEAT COOL AVG MEAN DEG DEG WIND DOM DAY TEMP HIGH TIME LOW TIME DAYS DAYS RAIN SPEED HIGH TIME DIR --------------------------------------------------------------------------------------- 01 -0.5 2.6 14:00 -2.8 23:00 18.8 0.0 0.0 2.4 13.9 00:30 129 02 -1.6 1.9 14:30 -3.6 04:30 19.9 0.0 0.0 2.4 8.7 11:00 136 03 -0.2 1.8 14:00 -3.1 08:00 18.5 0.0 0.0 3.8 13.0 16:00 137 04 2.5 4.2 18:00 0.4 03:00 15.8 0.0 9.2 5.7 25.2 14:30 137 05 3.6 5.4 14:00 1.6 00:30 14.7 0.0 0.6 0.7 7.0 14:00 190 06 3.1 5.6 13:30 -0.6 00:00 15.2 0.0 0.2 0.5 5.2 14:00 89 07 1.3 5.3 13:30 -1.1 23:00 17.0 0.0 0.0 1.9 13.9 20:30 139 08 -1.7 0.3 13:00 -3.8 07:00 20.0 0.0 0.0 1.0 8.7 06:00 125 09 2.7 4.8 15:00 -1.2 00:30 15.6 0.0 2.4 2.3 14.8 11:30 141 10 2.2 4.3 13:00 1.2 21:00 16.1 0.0 0.0 0.6 10.4 00:00 156 11 2.8 3.8 13:30 1.5 00:30 15.6 0.0 0.0 1.0 11.3 12:00 145 12 3.5 4.4 12:00 2.6 00:30 14.9 0.0 1.0 0.2 5.2 20:00 300 13 4.8 7.3 15:00 2.8 02:30 13.5 0.0 0.4 2.8 14.8 14:00 303 14 5.3 7.1 15:30 2.6 06:00 13.1 0.0 0.0 2.9 17.4 17:00 297 15 6.5 8.9 14:30 4.5 00:00 11.8 0.0 0.0 4.5 18.2 14:30 306 16 6.1 7.9 18:00 3.8 01:00 12.3 0.0 0.2 3.0 16.5 14:30 247 17 6.1 8.1 20:00 3.6 07:00 12.2 0.0 2.0 2.4 15.6 16:00 162 18 3.8 7.4 00:30 1.0 23:30 14.5 0.0 11.8 5.7 24.3 15:00 284 19 1.5 3.6 14:30 -1.6 07:30 16.8 0.0 0.0 2.6 14.8 02:00 289 20 5.2 6.4 23:30 2.7 00:30 13.2 0.0 21.6 2.9 18.2 11:30 125 21 7.4 8.6 12:30 6.4 00:30 10.9 0.0 9.4 3.1 19.1 19:00 130 22 8.5 10.2 18:00 7.6 01:30 9.9 0.0 17.2 5.7 34.8 08:30 155 23 9.4 11.2 14:30 8.3 00:30 8.9 0.0 4.4 2.7 17.4 00:00 137 24 7.0 9.6 00:30 4.6 19:30 11.3 0.0 5.8 4.2 19.1 01:00 265 25 5.6 6.2 10:30 4.9 06:00 12.7 0.0 0.0 3.5 16.5 11:30 247 26 6.3 7.2 23:00 5.7 18:30 12.0 0.0 4.6 1.9 13.9 17:30 145 27 8.0 9.4 22:30 7.1 00:30 10.3 0.0 3.8 2.0 13.0 14:30 133 28 8.8 10.3 13:00 7.4 00:00 9.5 0.0 0.2 1.3 8.7 08:00 143 29 7.7 9.2 13:00 7.0 07:30 10.6 0.0 0.0 2.4 15.6 13:00 135 --------------------------------------------------------------------------------------- 4.3 11.2 23 -3.8 08 405.8 0.0 94.8 2.6 34.8 22 170