NOAA-Style Climate Reports
Select a Year or Month report
2024: Jan Feb Mar Apr May Jun Jul Aug Sep Oct Nov Dec
2023: Jan Feb Mar Apr May Jun Jul Aug Sep Oct Nov Dec
2022: Jan Feb Mar Apr May Jun Jul Aug Sep Oct Nov Dec
2021: Jan Feb Mar Apr May Jun Jul Aug Sep Oct Nov Dec
2020: Jan Feb Mar Apr May Jun Jul Aug Sep Oct Nov Dec
2019: Jan Feb Mar Apr May Jun Jul Aug Sep Oct Nov Dec
2018: Jan Feb Mar Apr May Jun Jul Aug Sep Oct Nov Dec
2017: Jan Feb Mar Apr May Jun Jul Aug Sep Oct Nov Dec
2016: Jan Feb Mar Apr May Jun Jul Aug Sep Oct Nov Dec
2015: Jan Feb Mar Apr May Jun Jul Aug Sep Oct Nov Dec
2014: Jan Feb Mar Apr May Jun Jul Aug Sep Oct Nov Dec
2013: Jan Feb Mar Apr May Jun Jul Aug Sep Oct Nov Dec
2012: Jan Feb Mar Apr May Jun Jul Aug Sep Oct Nov Dec
2011: Jan Feb Mar Apr May Jun Jul Aug Sep Oct Nov Dec
2024: Jan Feb Mar Apr May Jun Jul Aug Sep Oct Nov Dec
2023: Jan Feb Mar Apr May Jun Jul Aug Sep Oct Nov Dec
2022: Jan Feb Mar Apr May Jun Jul Aug Sep Oct Nov Dec
2021: Jan Feb Mar Apr May Jun Jul Aug Sep Oct Nov Dec
2020: Jan Feb Mar Apr May Jun Jul Aug Sep Oct Nov Dec
2019: Jan Feb Mar Apr May Jun Jul Aug Sep Oct Nov Dec
2018: Jan Feb Mar Apr May Jun Jul Aug Sep Oct Nov Dec
2017: Jan Feb Mar Apr May Jun Jul Aug Sep Oct Nov Dec
2016: Jan Feb Mar Apr May Jun Jul Aug Sep Oct Nov Dec
2015: Jan Feb Mar Apr May Jun Jul Aug Sep Oct Nov Dec
2014: Jan Feb Mar Apr May Jun Jul Aug Sep Oct Nov Dec
2013: Jan Feb Mar Apr May Jun Jul Aug Sep Oct Nov Dec
2012: Jan Feb Mar Apr May Jun Jul Aug Sep Oct Nov Dec
2011: Jan Feb Mar Apr May Jun Jul Aug Sep Oct Nov Dec
Report for 2012 January
MONTHLY CLIMATOLOGICAL SUMMARY for Jan 2012 NAME: High Mosser Gate ELEV: 670 feet LAT: 54-36.48 N LONG: 003-22.02 W TEMPERATURE (C), RAIN (mm), WIND SPEED (knots) HEAT COOL AVG MEAN DEG DEG WIND DOM DAY TEMP HIGH TIME LOW TIME DAYS DAYS RAIN SPEED HIGH TIME DIR --------------------------------------------------------------------------------------- 01 6.2 8.4 00:30 3.2 23:30 12.1 0.0 0.8 1.5 13.9 05:00 149 02 3.7 5.6 00:00 2.3 05:00 14.7 0.0 0.2 1.7 10.4 05:00 188 03 5.2 9.7 06:00 2.7 13:30 13.1 0.0 5.0 6.6 29.5 03:30 243 04 5.3 8.0 22:30 2.9 02:30 13.0 0.0 23.0 3.8 22.6 22:30 247 05 4.7 6.2 03:00 3.2 23:30 13.6 0.0 1.6 5.5 26.1 08:30 298 06 5.2 8.6 21:00 2.0 05:30 13.1 0.0 3.6 1.7 17.4 22:00 221 07 6.0 6.8 00:30 5.4 07:30 12.3 0.0 2.8 4.8 18.2 16:30 269 08 7.2 8.4 14:00 5.9 04:30 11.2 0.0 2.6 2.4 15.6 23:30 246 09 6.2 8.0 09:00 3.7 21:30 12.2 0.0 3.8 2.3 15.6 09:00 194 10 7.0 8.7 00:00 5.1 06:00 11.4 0.0 2.6 2.2 16.5 11:30 127 11 8.6 9.1 01:30 7.7 15:30 9.7 0.0 1.0 2.6 16.5 01:00 174 12 6.2 9.1 03:00 2.9 23:30 12.2 0.0 5.2 3.8 21.7 07:00 282 13 2.0 3.8 12:30 0.6 09:00 16.3 0.0 0.0 1.0 6.1 23:00 140 14 1.9 4.5 13:00 0.1 22:00 16.4 0.0 0.0 1.7 7.8 11:30 140 15 1.7 3.9 13:00 -0.2 04:30 16.6 0.0 0.0 1.7 13.0 12:30 136 16 1.1 4.7 13:30 -1.5 08:00 17.2 0.0 0.0 1.5 13.9 14:00 142 17 5.3 7.8 00:00 1.9 03:00 13.1 0.0 0.4 5.2 32.2 00:00 135 18 6.8 8.8 06:30 4.7 18:30 11.5 0.0 7.2 3.9 28.7 02:00 151 19 4.2 5.9 01:00 1.2 19:00 14.1 0.0 5.0 5.5 29.5 15:30 271 20 4.9 8.0 00:00 1.4 01:00 13.4 0.0 19.0 3.3 19.1 02:00 264 21 6.0 8.4 02:00 4.8 12:30 12.4 0.0 6.0 8.3 27.8 03:30 276 22 5.6 7.0 06:30 3.7 00:00 12.7 0.0 2.4 6.0 26.9 06:30 274 23 3.5 4.7 14:30 2.2 20:00 14.8 0.0 0.2 2.9 15.6 12:30 278 24 6.0 9.0 00:00 2.4 04:30 12.3 0.0 7.6 1.6 14.8 08:30 131 25 7.9 8.9 00:30 3.3 00:00 10.5 0.0 12.6 7.3 36.5 18:30 137 26 2.8 4.2 11:00 1.6 17:30 15.5 0.0 9.6 3.0 20.9 11:30 162 27 2.4 3.9 11:00 0.0 23:30 16.0 0.0 7.4 2.4 18.2 11:00 262 28 1.4 3.8 13:30 -0.9 06:30 17.0 0.0 0.2 0.2 4.3 03:00 134 29 2.6 3.9 11:00 1.6 20:30 15.7 0.0 0.0 1.5 12.2 23:00 127 30 1.0 2.8 12:30 -1.1 19:00 17.4 0.0 0.0 3.1 13.0 01:00 109 31 0.3 1.6 14:00 -1.7 21:30 18.0 0.0 0.0 2.0 16.5 00:00 80 --------------------------------------------------------------------------------------- 4.5 9.7 03 -1.7 31 429.4 0.0 129.8 3.3 36.5 25 220