NOAA-Style Climate Reports
Select a Year or Month report
2024: Jan Feb Mar Apr May Jun Jul Aug Sep Oct Nov Dec
2023: Jan Feb Mar Apr May Jun Jul Aug Sep Oct Nov Dec
2022: Jan Feb Mar Apr May Jun Jul Aug Sep Oct Nov Dec
2021: Jan Feb Mar Apr May Jun Jul Aug Sep Oct Nov Dec
2020: Jan Feb Mar Apr May Jun Jul Aug Sep Oct Nov Dec
2019: Jan Feb Mar Apr May Jun Jul Aug Sep Oct Nov Dec
2018: Jan Feb Mar Apr May Jun Jul Aug Sep Oct Nov Dec
2017: Jan Feb Mar Apr May Jun Jul Aug Sep Oct Nov Dec
2016: Jan Feb Mar Apr May Jun Jul Aug Sep Oct Nov Dec
2015: Jan Feb Mar Apr May Jun Jul Aug Sep Oct Nov Dec
2014: Jan Feb Mar Apr May Jun Jul Aug Sep Oct Nov Dec
2013: Jan Feb Mar Apr May Jun Jul Aug Sep Oct Nov Dec
2012: Jan Feb Mar Apr May Jun Jul Aug Sep Oct Nov Dec
2011: Jan Feb Mar Apr May Jun Jul Aug Sep Oct Nov Dec
2024: Jan Feb Mar Apr May Jun Jul Aug Sep Oct Nov Dec
2023: Jan Feb Mar Apr May Jun Jul Aug Sep Oct Nov Dec
2022: Jan Feb Mar Apr May Jun Jul Aug Sep Oct Nov Dec
2021: Jan Feb Mar Apr May Jun Jul Aug Sep Oct Nov Dec
2020: Jan Feb Mar Apr May Jun Jul Aug Sep Oct Nov Dec
2019: Jan Feb Mar Apr May Jun Jul Aug Sep Oct Nov Dec
2018: Jan Feb Mar Apr May Jun Jul Aug Sep Oct Nov Dec
2017: Jan Feb Mar Apr May Jun Jul Aug Sep Oct Nov Dec
2016: Jan Feb Mar Apr May Jun Jul Aug Sep Oct Nov Dec
2015: Jan Feb Mar Apr May Jun Jul Aug Sep Oct Nov Dec
2014: Jan Feb Mar Apr May Jun Jul Aug Sep Oct Nov Dec
2013: Jan Feb Mar Apr May Jun Jul Aug Sep Oct Nov Dec
2012: Jan Feb Mar Apr May Jun Jul Aug Sep Oct Nov Dec
2011: Jan Feb Mar Apr May Jun Jul Aug Sep Oct Nov Dec
Report for 2011 December
MONTHLY CLIMATOLOGICAL SUMMARY for Dec 2011 NAME: High Mosser Gate ELEV: 670 feet LAT: 54-36.48 N LONG: 003-22.02 W TEMPERATURE (C), RAIN (mm), WIND SPEED (knots) HEAT COOL AVG MEAN DEG DEG WIND DOM DAY TEMP HIGH TIME LOW TIME DAYS DAYS RAIN SPEED HIGH TIME DIR --------------------------------------------------------------------------------------- 01 02 03 04 05 06 07 08 09 10 11 12 13 3.9 4.2 13:30 3.4 21:00 14.5 0.0 0.2 3.7 13.9 18:00 215 14 2.7 3.7 15:30 1.3 10:30 15.7 0.0 17.2 1.7 16.5 13:30 231 15 3.1 5.7 13:30 1.1 06:30 15.3 0.0 8.6 0.5 7.8 12:30 209 16 0.2 1.4 01:00 -1.4 21:30 18.1 0.0 0.0 0.1 4.3 13:00 25 17 0.9 2.3 12:00 -1.2 21:00 17.4 0.0 5.2 0.7 8.7 14:30 301 18 1.1 2.5 22:30 -0.6 00:30 17.3 0.0 0.4 0.3 7.8 08:00 264 19 4.6 6.4 15:30 2.3 00:30 13.7 0.0 14.0 1.6 14.8 12:30 266 20 4.4 6.2 00:00 2.4 07:30 14.0 0.0 1.4 0.6 7.8 00:30 265 21 8.9 10.1 21:30 6.1 00:30 9.4 0.0 2.4 1.6 11.3 12:00 235 22 9.3 9.7 00:30 8.9 09:00 9.1 0.0 0.0 1.9 10.4 19:30 142 23 5.4 9.0 00:30 2.4 18:00 12.9 0.0 11.6 1.7 17.4 00:30 251 24 6.2 8.4 00:00 3.7 03:00 12.1 0.0 13.0 1.6 8.7 02:30 153 25 9.4 10.5 20:30 8.5 00:30 8.9 0.0 0.6 2.8 12.2 12:30 136 26 9.5 10.6 00:30 8.2 21:30 8.9 0.0 0.0 3.5 14.8 12:00 133 27 7.3 8.5 12:30 5.9 08:00 11.1 0.0 2.8 1.8 20.9 23:30 134 28 5.9 7.7 03:00 3.6 23:00 12.5 0.0 11.4 4.8 22.6 01:00 241 29 4.3 6.2 13:00 2.6 23:30 14.0 0.0 2.0 4.8 21.7 14:30 274 30 5.5 9.6 20:30 2.7 00:30 12.9 0.0 11.6 1.6 20.0 15:30 171 31 8.9 9.7 18:30 7.3 06:00 9.4 0.0 9.8 1.6 13.0 05:00 152 --------------------------------------------------------------------------------------- 5.4 10.6 26 -1.4 16 247.0 0.0 112.2 1.9 22.6 28 201